CRAN Package Check Results for Package covatest

Last updated on 2018-10-19 01:46:16 CEST.

Flavor Version Tinstall Tcheck Ttotal Status Flags
r-devel-linux-x86_64-debian-clang 1.0.1 8.27 74.34 82.61 OK
r-devel-linux-x86_64-debian-gcc 1.0.1 6.44 57.64 64.08 OK
r-devel-linux-x86_64-fedora-clang 1.0.1 98.01 NOTE
r-devel-linux-x86_64-fedora-gcc 1.0.1 94.75 NOTE
r-devel-windows-ix86+x86_64 1.0.1 17.00 108.00 125.00 OK
r-patched-linux-x86_64 1.0.1 7.65 65.45 73.10 OK
r-patched-solaris-x86 1.0.1 125.50 NOTE
r-release-linux-x86_64 1.0.1 6.74 66.15 72.89 OK
r-release-windows-ix86+x86_64 1.0.1 17.00 103.00 120.00 OK
r-release-osx-x86_64 1.0.1 NOTE
r-oldrel-windows-ix86+x86_64 1.0.1 6.00 116.00 122.00 OK
r-oldrel-osx-x86_64 1.0.1 NOTE

Check Details

Version: 1.0.1
Check: dependencies in R code
Result: NOTE
    Namespace in Imports field not imported from: ‘gstat’
     All declared Imports should be used.
Flavors: r-devel-linux-x86_64-fedora-clang, r-devel-linux-x86_64-fedora-gcc, r-patched-solaris-x86, r-release-osx-x86_64, r-oldrel-osx-x86_64