Last updated on 2018-10-19 01:46:16 CEST.
Flavor | Version | Tinstall | Tcheck | Ttotal | Status | Flags |
---|---|---|---|---|---|---|
r-devel-linux-x86_64-debian-clang | 0.0.4 | 3.68 | 81.29 | 84.97 | NOTE | |
r-devel-linux-x86_64-debian-gcc | 0.0.4 | 2.81 | 58.02 | 60.83 | NOTE | |
r-devel-linux-x86_64-fedora-clang | 0.0.4 | 99.07 | NOTE | |||
r-devel-linux-x86_64-fedora-gcc | 0.0.4 | 91.28 | NOTE | |||
r-devel-windows-ix86+x86_64 | 0.0.4 | 6.00 | 117.00 | 123.00 | NOTE | |
r-patched-linux-x86_64 | 0.0.4 | 2.99 | 71.94 | 74.93 | NOTE | |
r-patched-solaris-x86 | 0.0.4 | 153.40 | NOTE | |||
r-release-linux-x86_64 | 0.0.4 | 2.15 | 71.75 | 73.90 | NOTE | |
r-release-windows-ix86+x86_64 | 0.0.4 | 10.00 | 119.00 | 129.00 | NOTE | |
r-release-osx-x86_64 | 0.0.4 | NOTE | ||||
r-oldrel-windows-ix86+x86_64 | 0.0.4 | 3.00 | 136.00 | 139.00 | NOTE | |
r-oldrel-osx-x86_64 | 0.0.4 | NOTE |
Version: 0.0.4
Check: DESCRIPTION meta-information
Result: NOTE
BugReports field is not a suitable URL but contains an email address
which will be used as from R 3.4.0
Flavors: r-devel-linux-x86_64-debian-clang, r-devel-linux-x86_64-debian-gcc, r-devel-linux-x86_64-fedora-clang, r-devel-linux-x86_64-fedora-gcc, r-devel-windows-ix86+x86_64, r-patched-linux-x86_64, r-patched-solaris-x86, r-release-linux-x86_64, r-release-windows-ix86+x86_64, r-release-osx-x86_64, r-oldrel-windows-ix86+x86_64, r-oldrel-osx-x86_64