Last updated on 2018-10-19 01:46:16 CEST.
Flavor | Version | Tinstall | Tcheck | Ttotal | Status | Flags |
---|---|---|---|---|---|---|
r-devel-linux-x86_64-debian-clang | 1.0.3 | 3.73 | 48.21 | 51.94 | OK | |
r-devel-linux-x86_64-debian-gcc | 1.0.3 | 3.93 | 36.82 | 40.75 | OK | |
r-devel-linux-x86_64-fedora-clang | 1.0.3 | 62.11 | NOTE | |||
r-devel-linux-x86_64-fedora-gcc | 1.0.3 | 60.48 | NOTE | |||
r-devel-windows-ix86+x86_64 | 1.0.3 | 11.00 | 80.00 | 91.00 | OK | |
r-patched-linux-x86_64 | 1.0.3 | 3.36 | 40.44 | 43.80 | OK | |
r-patched-solaris-x86 | 1.0.3 | 85.90 | NOTE | |||
r-release-linux-x86_64 | 1.0.3 | 4.11 | 40.77 | 44.88 | OK | |
r-release-windows-ix86+x86_64 | 1.0.3 | 12.00 | 79.00 | 91.00 | OK | |
r-release-osx-x86_64 | 1.0.3 | NOTE | ||||
r-oldrel-windows-ix86+x86_64 | 1.0.3 | 6.00 | 85.00 | 91.00 | NOTE | |
r-oldrel-osx-x86_64 | 1.0.3 | NOTE |
Version: 1.0.3
Check: dependencies in R code
Result: NOTE
Namespace in Imports field not imported from: ‘yaml’
All declared Imports should be used.
Flavors: r-devel-linux-x86_64-fedora-clang, r-devel-linux-x86_64-fedora-gcc, r-patched-solaris-x86, r-release-osx-x86_64
Version: 1.0.3
Check: dependencies in R code
Result: NOTE
Missing or unexported object: 'utils::askYesNo'
Flavor: r-oldrel-windows-ix86+x86_64
Version: 1.0.3
Check: dependencies in R code
Result: NOTE
Namespace in Imports field not imported from: ‘yaml’
All declared Imports should be used.
Missing or unexported object: ‘utils::askYesNo’
Flavor: r-oldrel-osx-x86_64