Last updated on 2018-10-19 01:46:17 CEST.
Flavor | Version | Tinstall | Tcheck | Ttotal | Status | Flags |
---|---|---|---|---|---|---|
r-devel-linux-x86_64-debian-clang | 1.2.0 | 26.45 | 90.17 | 116.62 | OK | |
r-devel-linux-x86_64-debian-gcc | 1.2.0 | 21.04 | 66.96 | 88.00 | OK | |
r-devel-linux-x86_64-fedora-clang | 1.2.0 | 146.56 | NOTE | |||
r-devel-linux-x86_64-fedora-gcc | 1.2.0 | 141.57 | NOTE | |||
r-devel-windows-ix86+x86_64 | 1.2.0 | 66.00 | 169.00 | 235.00 | OK | |
r-patched-linux-x86_64 | 1.2.0 | 27.40 | 81.95 | 109.35 | OK | |
r-patched-solaris-x86 | 1.2.0 | 171.70 | NOTE | |||
r-release-linux-x86_64 | 1.2.0 | 27.46 | 82.55 | 110.01 | OK | |
r-release-windows-ix86+x86_64 | 1.2.0 | 72.00 | 167.00 | 239.00 | OK | |
r-release-osx-x86_64 | 1.2.0 | NOTE | ||||
r-oldrel-windows-ix86+x86_64 | 1.2.0 | 44.00 | 188.00 | 232.00 | OK | |
r-oldrel-osx-x86_64 | 1.2.0 | NOTE |
Version: 1.2.0
Check: dependencies in R code
Result: NOTE
Namespaces in Imports field not imported from:
‘RColorBrewer’ ‘grDevices’ ‘robustbase’
All declared Imports should be used.
Flavors: r-devel-linux-x86_64-fedora-clang, r-devel-linux-x86_64-fedora-gcc, r-patched-solaris-x86, r-release-osx-x86_64, r-oldrel-osx-x86_64