Last updated on 2018-10-19 01:46:17 CEST.
Flavor | Version | Tinstall | Tcheck | Ttotal | Status | Flags |
---|---|---|---|---|---|---|
r-devel-linux-x86_64-debian-clang | 1.3-5 | 6.50 | 89.56 | 96.06 | NOTE | |
r-devel-linux-x86_64-debian-gcc | 1.3-5 | 5.44 | 65.21 | 70.65 | NOTE | |
r-devel-linux-x86_64-fedora-clang | 1.3-5 | 114.59 | NOTE | |||
r-devel-linux-x86_64-fedora-gcc | 1.3-5 | 117.22 | NOTE | |||
r-devel-windows-ix86+x86_64 | 1.3-5 | 19.00 | 159.00 | 178.00 | NOTE | |
r-patched-linux-x86_64 | 1.3-5 | 6.59 | 84.01 | 90.60 | NOTE | |
r-patched-solaris-x86 | 1.3-5 | 138.90 | NOTE | |||
r-release-linux-x86_64 | 1.3-5 | 6.04 | 83.37 | 89.41 | NOTE | |
r-release-windows-ix86+x86_64 | 1.3-5 | 14.00 | 166.00 | 180.00 | NOTE | |
r-release-osx-x86_64 | 1.3-5 | NOTE | ||||
r-oldrel-windows-ix86+x86_64 | 1.3-3 | 10.00 | 166.00 | 176.00 | NOTE | |
r-oldrel-osx-x86_64 | 1.3-5 | ERROR |
Version: 1.3-5
Check: package dependencies
Result: NOTE
Package suggested but not available for checking: ‘Rdonlp2’
Flavors: r-devel-linux-x86_64-debian-clang, r-devel-linux-x86_64-debian-gcc, r-devel-linux-x86_64-fedora-clang, r-devel-linux-x86_64-fedora-gcc, r-devel-windows-ix86+x86_64, r-patched-linux-x86_64, r-patched-solaris-x86, r-release-linux-x86_64, r-release-windows-ix86+x86_64, r-release-osx-x86_64, r-oldrel-osx-x86_64
Version: 1.3-3
Check: package dependencies
Result: NOTE
Package suggested but not available for checking: 'Rdonlp2'
Flavor: r-oldrel-windows-ix86+x86_64
Version: 1.3-5
Check: whether package can be installed
Result: ERROR
Installation failed.
Flavor: r-oldrel-osx-x86_64