Last updated on 2018-10-19 01:46:18 CEST.
Flavor | Version | Tinstall | Tcheck | Ttotal | Status | Flags |
---|---|---|---|---|---|---|
r-devel-linux-x86_64-debian-clang | 3.5.0 | 209.71 | 92.55 | 302.26 | OK | |
r-devel-linux-x86_64-debian-gcc | 3.5.0 | 184.75 | 75.01 | 259.76 | OK | |
r-devel-linux-x86_64-fedora-clang | 3.5.0 | 399.82 | NOTE | |||
r-devel-linux-x86_64-fedora-gcc | 3.5.0 | 352.67 | OK | |||
r-devel-windows-ix86+x86_64 | 3.5.0 | 378.00 | 210.00 | 588.00 | NOTE | |
r-patched-linux-x86_64 | 3.5.0 | 185.94 | 81.63 | 267.57 | OK | |
r-patched-solaris-x86 | 3.5.0 | 58.50 | ERROR | |||
r-release-linux-x86_64 | 3.5.0 | 173.91 | 81.49 | 255.40 | OK | |
r-release-windows-ix86+x86_64 | 3.5.0 | 385.00 | 200.00 | 585.00 | NOTE | |
r-release-osx-x86_64 | 3.5.0 | NOTE | ||||
r-oldrel-windows-ix86+x86_64 | 3.5.0 | 287.00 | 202.00 | 489.00 | NOTE | |
r-oldrel-osx-x86_64 | 3.5.0 | NOTE |
Version: 3.5.0
Check: installed package size
Result: NOTE
installed size is 50.1Mb
sub-directories of 1Mb or more:
libs 49.6Mb
Flavors: r-devel-linux-x86_64-fedora-clang, r-devel-windows-ix86+x86_64, r-release-windows-ix86+x86_64, r-release-osx-x86_64, r-oldrel-windows-ix86+x86_64, r-oldrel-osx-x86_64
Version: 3.5.0
Check: whether package can be installed
Result: ERROR
Installation failed.
Flavor: r-patched-solaris-x86