Last updated on 2018-10-19 01:46:20 CEST.
Flavor | Version | Tinstall | Tcheck | Ttotal | Status | Flags |
---|---|---|---|---|---|---|
r-devel-linux-x86_64-debian-clang | 1.0.3 | 9.81 | 26.80 | 36.61 | OK | |
r-devel-linux-x86_64-debian-gcc | 1.0.3 | 7.26 | 21.61 | 28.87 | OK | |
r-devel-linux-x86_64-fedora-clang | 1.0.3 | 42.10 | NOTE | |||
r-devel-linux-x86_64-fedora-gcc | 1.0.3 | 40.05 | OK | |||
r-devel-windows-ix86+x86_64 | 1.0.3 | 37.00 | 73.00 | 110.00 | NOTE | |
r-patched-linux-x86_64 | 1.0.3 | 8.55 | 23.74 | 32.29 | OK | |
r-patched-solaris-x86 | 1.0.3 | 65.60 | NOTE | |||
r-release-linux-x86_64 | 1.0.3 | 8.97 | 24.10 | 33.07 | OK | |
r-release-windows-ix86+x86_64 | 1.0.3 | 29.00 | 70.00 | 99.00 | NOTE | |
r-release-osx-x86_64 | 1.0.3 | NOTE | ||||
r-oldrel-windows-ix86+x86_64 | 1.0.3 | 32.00 | 68.00 | 100.00 | NOTE | |
r-oldrel-osx-x86_64 | 1.0.3 | NOTE |
Version: 1.0.3
Check: installed package size
Result: NOTE
installed size is 17.0Mb
sub-directories of 1Mb or more:
include 16.7Mb
Flavors: r-devel-linux-x86_64-fedora-clang, r-devel-windows-ix86+x86_64, r-patched-solaris-x86, r-release-windows-ix86+x86_64, r-release-osx-x86_64, r-oldrel-windows-ix86+x86_64, r-oldrel-osx-x86_64