CRAN Package Check Results for Package dlookr

Last updated on 2018-10-19 01:46:20 CEST.

Flavor Version Tinstall Tcheck Ttotal Status Flags
r-devel-linux-x86_64-debian-clang 0.3.2 14.54 239.25 253.79 OK
r-devel-linux-x86_64-debian-gcc 0.3.2 11.74 187.68 199.42 OK
r-devel-linux-x86_64-fedora-clang 0.3.2 296.70 NOTE
r-devel-linux-x86_64-fedora-gcc 0.3.2 292.33 NOTE
r-devel-windows-ix86+x86_64 0.3.2 41.00 318.00 359.00 OK
r-patched-linux-x86_64 0.3.2 10.36 218.55 228.91 OK
r-patched-solaris-x86 0.3.2 432.10 NOTE
r-release-linux-x86_64 0.3.2 10.66 218.37 229.03 OK
r-release-windows-ix86+x86_64 0.3.2 42.00 370.00 412.00 OK
r-release-osx-x86_64 0.3.2 NOTE
r-oldrel-windows-ix86+x86_64 0.3.2 28.00 342.00 370.00 OK
r-oldrel-osx-x86_64 0.3.2 NOTE

Check Details

Version: 0.3.2
Check: dependencies in R code
Result: NOTE
    Namespaces in Imports field not imported from:
     ‘dbplyr’ ‘randomForest’
     All declared Imports should be used.
Flavors: r-devel-linux-x86_64-fedora-clang, r-devel-linux-x86_64-fedora-gcc, r-patched-solaris-x86, r-release-osx-x86_64, r-oldrel-osx-x86_64

Version: 0.3.2
Check: installed package size
Result: NOTE
     installed size is 5.2Mb
     sub-directories of 1Mb or more:
     doc 4.5Mb
Flavor: r-patched-solaris-x86