CRAN Package Check Results for Package duawranglr

Last updated on 2018-10-19 01:46:20 CEST.

Flavor Version Tinstall Tcheck Ttotal Status Flags
r-devel-linux-x86_64-debian-clang 0.6.3 1.37 28.26 29.63 OK
r-devel-linux-x86_64-debian-gcc 0.6.3 1.34 22.37 23.71 OK
r-devel-linux-x86_64-fedora-clang 0.6.3 35.55 NOTE
r-devel-linux-x86_64-fedora-gcc 0.6.3 34.67 NOTE
r-devel-windows-ix86+x86_64 0.6.3 4.00 52.00 56.00 OK
r-patched-linux-x86_64 0.6.3 1.58 25.19 26.77 OK
r-patched-solaris-x86 0.6.3 47.70 NOTE
r-release-linux-x86_64 0.6.3 1.68 25.82 27.50 OK
r-release-windows-ix86+x86_64 0.6.3 5.00 64.00 69.00 OK
r-release-osx-x86_64 0.6.3 NOTE
r-oldrel-windows-ix86+x86_64 0.6.3 3.00 58.00 61.00 OK
r-oldrel-osx-x86_64 0.6.3 NOTE

Check Details

Version: 0.6.3
Check: dependencies in R code
Result: NOTE
    Namespaces in Imports field not imported from:
     ‘digest’ ‘dplyr’
     All declared Imports should be used.
Flavors: r-devel-linux-x86_64-fedora-clang, r-devel-linux-x86_64-fedora-gcc, r-patched-solaris-x86, r-release-osx-x86_64, r-oldrel-osx-x86_64