CRAN Package Check Results for Package dynatopmodel

Last updated on 2018-10-19 01:46:20 CEST.

Flavor Version Tinstall Tcheck Ttotal Status Flags
r-devel-linux-x86_64-debian-clang 1.2.1 13.50 108.41 121.91 OK
r-devel-linux-x86_64-debian-gcc 1.2.1 12.47 89.70 102.17 OK
r-devel-linux-x86_64-fedora-clang 1.2.1 146.81 NOTE
r-devel-linux-x86_64-fedora-gcc 1.2.1 145.01 NOTE
r-devel-windows-ix86+x86_64 1.2.1 25.00 145.00 170.00 OK
r-patched-linux-x86_64 1.2.1 10.47 91.79 102.26 OK
r-patched-solaris-x86 1.2.1 182.80 NOTE
r-release-linux-x86_64 1.2.1 11.95 92.34 104.29 OK
r-release-windows-ix86+x86_64 1.2.1 25.00 123.00 148.00 OK
r-release-osx-x86_64 1.2.1 NOTE
r-oldrel-windows-ix86+x86_64 1.2.1 14.00 123.00 137.00 OK
r-oldrel-osx-x86_64 1.2.1 NOTE

Check Details

Version: 1.2.1
Check: dependencies in R code
Result: NOTE
    Namespaces in Imports field not imported from:
     ‘maptools’ ‘tools’
     All declared Imports should be used.
Flavors: r-devel-linux-x86_64-fedora-clang, r-devel-linux-x86_64-fedora-gcc, r-patched-solaris-x86, r-release-osx-x86_64, r-oldrel-osx-x86_64