CRAN Package Check Results for Package econet

Last updated on 2018-10-19 01:46:20 CEST.

Flavor Version Tinstall Tcheck Ttotal Status Flags
r-devel-linux-x86_64-debian-clang 0.1.7 12.22 106.74 118.96 OK
r-devel-linux-x86_64-debian-gcc 0.1.7 9.56 83.68 93.24 OK
r-devel-linux-x86_64-fedora-clang 0.1.7 142.82 NOTE
r-devel-linux-x86_64-fedora-gcc 0.1.7 134.47 NOTE
r-devel-windows-ix86+x86_64 0.1.7 26.00 173.00 199.00 OK
r-patched-linux-x86_64 0.1.7 10.58 89.56 100.14 OK
r-patched-solaris-x86 0.1.7 182.60 NOTE
r-release-linux-x86_64 0.1.7 9.47 88.95 98.42 OK
r-release-windows-ix86+x86_64 0.1.7 24.00 167.00 191.00 OK
r-release-osx-x86_64 0.1.7 NOTE
r-oldrel-osx-x86_64 0.1.7 ERROR

Check Details

Version: 0.1.7
Check: dependencies in R code
Result: NOTE
    Namespace in Imports field not imported from: ‘tnet’
     All declared Imports should be used.
Flavors: r-devel-linux-x86_64-fedora-clang, r-devel-linux-x86_64-fedora-gcc, r-patched-solaris-x86, r-release-osx-x86_64

Version: 0.1.7
Check: whether package can be installed
Result: ERROR
    Installation failed.
Flavor: r-oldrel-osx-x86_64