Last updated on 2018-10-19 01:46:21 CEST.
Flavor | Version | Tinstall | Tcheck | Ttotal | Status | Flags |
---|---|---|---|---|---|---|
r-devel-linux-x86_64-debian-clang | 0.1.3 | 1.57 | 28.08 | 29.65 | OK | |
r-devel-linux-x86_64-debian-gcc | 0.1.3 | 1.28 | 22.86 | 24.14 | OK | |
r-devel-linux-x86_64-fedora-clang | 0.1.3 | 34.39 | OK | |||
r-devel-linux-x86_64-fedora-gcc | 0.1.3 | 33.00 | OK | |||
r-devel-windows-ix86+x86_64 | 0.1.3 | 4.00 | 40.00 | 44.00 | OK | |
r-patched-linux-x86_64 | 0.1.3 | 1.21 | 25.27 | 26.48 | OK | |
r-patched-solaris-x86 | 0.1.3 | 46.90 | OK | |||
r-release-linux-x86_64 | 0.1.3 | 0.97 | 25.36 | 26.33 | OK | |
r-release-windows-ix86+x86_64 | 0.1.3 | 6.00 | 50.00 | 56.00 | OK | |
r-release-osx-x86_64 | 0.1.3 | OK | ||||
r-oldrel-osx-x86_64 | 0.1.3 | ERROR |
Version: 0.1.3
Check: whether package can be installed
Result: ERROR
Installation failed.
Flavor: r-oldrel-osx-x86_64