Last updated on 2018-10-19 01:46:21 CEST.
Flavor | Version | Tinstall | Tcheck | Ttotal | Status | Flags |
---|---|---|---|---|---|---|
r-devel-linux-x86_64-debian-clang | 0.2.4 | 9.51 | 95.98 | 105.49 | OK | |
r-devel-linux-x86_64-debian-gcc | 0.2.5 | 7.83 | 75.23 | 83.06 | OK | |
r-devel-linux-x86_64-fedora-clang | 0.2.5 | 124.17 | NOTE | |||
r-devel-linux-x86_64-fedora-gcc | 0.2.5 | 123.99 | NOTE | |||
r-devel-windows-ix86+x86_64 | 0.2.4 | 17.00 | 133.00 | 150.00 | OK | |
r-patched-linux-x86_64 | 0.2.4 | 7.30 | 84.65 | 91.95 | OK | |
r-patched-solaris-x86 | 0.2.4 | 163.30 | NOTE | |||
r-release-linux-x86_64 | 0.2.5 | 8.95 | 84.85 | 93.80 | OK | |
r-release-windows-ix86+x86_64 | 0.2.4 | 19.00 | 120.00 | 139.00 | OK | |
r-release-osx-x86_64 | 0.2.4 | NOTE | ||||
r-oldrel-windows-ix86+x86_64 | 0.2.4 | 7.00 | 131.00 | 138.00 | OK | |
r-oldrel-osx-x86_64 | 0.2.4 | NOTE |
Version: 0.2.5
Check: dependencies in R code
Result: NOTE
Namespace in Imports field not imported from: ‘EnvStats’
All declared Imports should be used.
Flavors: r-devel-linux-x86_64-fedora-clang, r-devel-linux-x86_64-fedora-gcc
Version: 0.2.4
Check: dependencies in R code
Result: NOTE
Namespace in Imports field not imported from: ‘EnvStats’
All declared Imports should be used.
Flavors: r-patched-solaris-x86, r-release-osx-x86_64, r-oldrel-osx-x86_64