CRAN Package Check Results for Package factorMerger

Last updated on 2018-10-19 01:46:22 CEST.

Flavor Version Tinstall Tcheck Ttotal Status Flags
r-devel-linux-x86_64-debian-clang 0.3.6 9.75 163.47 173.22 OK
r-devel-linux-x86_64-debian-gcc 0.3.6 8.28 127.86 136.14 OK
r-devel-linux-x86_64-fedora-clang 0.3.6 204.24 NOTE
r-devel-linux-x86_64-fedora-gcc 0.3.6 198.28 NOTE
r-devel-windows-ix86+x86_64 0.3.6 29.00 238.00 267.00 OK
r-patched-linux-x86_64 0.3.6 8.36 149.69 158.05 OK
r-patched-solaris-x86 0.3.6 281.80 NOTE
r-release-linux-x86_64 0.3.6 7.03 148.62 155.65 OK
r-release-windows-ix86+x86_64 0.3.6 33.00 241.00 274.00 OK
r-release-osx-x86_64 0.3.6 NOTE
r-oldrel-windows-ix86+x86_64 0.3.6 19.00 245.00 264.00 OK
r-oldrel-osx-x86_64 0.3.6 NOTE

Check Details

Version: 0.3.6
Check: dependencies in R code
Result: NOTE
    Namespaces in Imports field not imported from:
     ‘forcats’ ‘formula.tools’
     All declared Imports should be used.
Flavors: r-devel-linux-x86_64-fedora-clang, r-devel-linux-x86_64-fedora-gcc, r-patched-solaris-x86, r-release-osx-x86_64, r-oldrel-osx-x86_64