Last updated on 2018-10-19 01:46:22 CEST.
Flavor | Version | Tinstall | Tcheck | Ttotal | Status | Flags |
---|---|---|---|---|---|---|
r-devel-linux-x86_64-debian-clang | 1.1.0 | 6.52 | 71.89 | 78.41 | NOTE | |
r-devel-linux-x86_64-debian-gcc | 1.1.0 | 5.22 | 57.65 | 62.87 | NOTE | |
r-devel-linux-x86_64-fedora-clang | 1.1.0 | 90.48 | NOTE | |||
r-devel-linux-x86_64-fedora-gcc | 1.1.0 | 88.24 | NOTE | |||
r-devel-windows-ix86+x86_64 | 1.1.0 | 14.00 | 80.00 | 94.00 | OK | |
r-patched-linux-x86_64 | 1.1.0 | 4.92 | 56.70 | 61.62 | NOTE | |
r-patched-solaris-x86 | 1.1.0 | 112.30 | OK | |||
r-release-linux-x86_64 | 1.1.0 | 5.39 | 56.28 | 61.67 | NOTE | |
r-release-windows-ix86+x86_64 | 1.1.0 | 12.00 | 89.00 | 101.00 | OK | |
r-release-osx-x86_64 | 1.1.0 | WARN | ||||
r-oldrel-windows-ix86+x86_64 | 1.1.0 | 8.00 | 89.00 | 97.00 | OK | |
r-oldrel-osx-x86_64 | 1.1.0 | OK |
Version: 1.1.0
Check: DESCRIPTION meta-information
Result: NOTE
Dependence on R version ‘3.4.1’ not with patchlevel 0
Flavors: r-devel-linux-x86_64-debian-clang, r-devel-linux-x86_64-debian-gcc, r-devel-linux-x86_64-fedora-clang, r-devel-linux-x86_64-fedora-gcc, r-patched-linux-x86_64, r-release-linux-x86_64
Version: 1.1.0
Check: examples
Result: WARN
Found the following significant warnings:
Warning: 'rBind' is deprecated.
Deprecated functions may be defunct as soon as of the next release of
R.
See ?Deprecated.
Flavor: r-release-osx-x86_64