Last updated on 2018-10-19 01:46:22 CEST.
Flavor | Version | Tinstall | Tcheck | Ttotal | Status | Flags |
---|---|---|---|---|---|---|
r-devel-linux-x86_64-debian-clang | 2.2 | 9.33 | 63.04 | 72.37 | OK | |
r-devel-linux-x86_64-debian-gcc | 2.2 | 7.77 | 50.35 | 58.12 | OK | |
r-devel-linux-x86_64-fedora-clang | 2.2 | 84.64 | NOTE | |||
r-devel-linux-x86_64-fedora-gcc | 2.2 | 81.45 | NOTE | |||
r-devel-windows-ix86+x86_64 | 2.2 | 21.00 | 120.00 | 141.00 | OK | |
r-patched-linux-x86_64 | 2.2 | 7.54 | 52.73 | 60.27 | OK | |
r-patched-solaris-x86 | 2.2 | 110.40 | OK | |||
r-release-linux-x86_64 | 2.2 | 7.40 | 52.80 | 60.20 | OK | |
r-release-windows-ix86+x86_64 | 2.2 | 17.00 | 108.00 | 125.00 | OK | |
r-release-osx-x86_64 | 2.2 | OK | ||||
r-oldrel-windows-ix86+x86_64 | 2.2 | 13.00 | 108.00 | 121.00 | OK | |
r-oldrel-osx-x86_64 | 2.2 | OK |
Version: 2.2
Check: compiled code
Result: NOTE
File ‘fanc/libs/fanc.so’:
Found no calls to: ‘R_registerRoutines’, ‘R_useDynamicSymbols’
It is good practice to register native routines and to disable symbol
search.
See ‘Writing portable packages’ in the ‘Writing R Extensions’ manual.
Flavors: r-devel-linux-x86_64-fedora-clang, r-devel-linux-x86_64-fedora-gcc