CRAN Package Check Results for Package genBart

Last updated on 2018-10-19 01:46:23 CEST.

Flavor Version Tinstall Tcheck Ttotal Status Flags
r-devel-linux-x86_64-debian-clang 1.0.1 128.98 407.76 536.74 OK
r-devel-linux-x86_64-debian-gcc 1.0.1 114.75 295.37 410.12 OK
r-devel-linux-x86_64-fedora-clang 1.0.1 665.14 NOTE
r-devel-linux-x86_64-fedora-gcc 1.0.1 647.69 NOTE
r-devel-windows-ix86+x86_64 1.0.1 210.00 519.00 729.00 OK
r-patched-linux-x86_64 1.0.1 117.54 365.13 482.67 OK
r-patched-solaris-x86 1.0.1 1097.30 NOTE
r-release-linux-x86_64 1.0.1 125.56 357.72 483.28 OK
r-release-windows-ix86+x86_64 1.0.1 200.00 364.00 564.00 OK
r-release-osx-x86_64 1.0.1 NOTE
r-oldrel-windows-ix86+x86_64 1.0.1 183.00 485.00 668.00 OK
r-oldrel-osx-x86_64 1.0.1 NOTE

Check Details

Version: 1.0.1
Check: dependencies in R code
Result: NOTE
    Namespaces in Imports field not imported from:
     ‘NMF’ ‘RColorBrewer’ ‘VennDiagram’ ‘clValid’ ‘data.table’ ‘grid’
     ‘gtools’ ‘pca3d’ ‘rmarkdown’ ‘scales’ ‘shinydashboard’ ‘shinyjs’
     ‘statmod’ ‘stringr’
     All declared Imports should be used.
Flavors: r-devel-linux-x86_64-fedora-clang, r-devel-linux-x86_64-fedora-gcc, r-patched-solaris-x86, r-release-osx-x86_64, r-oldrel-osx-x86_64