CRAN Package Check Results for Package geometa

Last updated on 2018-10-19 01:46:23 CEST.

Flavor Version Tinstall Tcheck Ttotal Status Flags
r-devel-linux-x86_64-debian-clang 0.3-0 100.76 303.40 404.16 OK
r-devel-linux-x86_64-debian-gcc 0.3-0 89.18 237.18 326.36 OK
r-devel-linux-x86_64-fedora-clang 0.3-0 499.69 NOTE
r-devel-linux-x86_64-fedora-gcc 0.3-0 495.45 OK
r-devel-windows-ix86+x86_64 0.3-0 202.00 738.00 940.00 NOTE
r-patched-linux-x86_64 0.3-0 100.98 309.26 410.24 OK
r-patched-solaris-x86 0.3-0 605.80 NOTE
r-release-linux-x86_64 0.3-0 99.27 305.84 405.11 OK
r-release-windows-ix86+x86_64 0.3-0 179.00 634.00 813.00 NOTE
r-release-osx-x86_64 0.3-0 NOTE
r-oldrel-windows-ix86+x86_64 0.3-0 47.00 718.00 765.00 OK
r-oldrel-osx-x86_64 0.3-0 OK

Check Details

Version: 0.3-0
Check: installed package size
Result: NOTE
     installed size is 7.0Mb
     sub-directories of 1Mb or more:
     R 5.0Mb
     extdata 1.4Mb
Flavors: r-devel-linux-x86_64-fedora-clang, r-devel-windows-ix86+x86_64, r-patched-solaris-x86, r-release-windows-ix86+x86_64, r-release-osx-x86_64