CRAN Package Check Results for Package geometry

Last updated on 2018-10-19 01:46:23 CEST.

Flavor Version Tinstall Tcheck Ttotal Status Flags
r-devel-linux-x86_64-debian-clang 0.3-6 18.52 37.32 55.84 OK
r-devel-linux-x86_64-debian-gcc 0.3-6 13.05 30.84 43.89 WARN
r-devel-linux-x86_64-fedora-clang 0.3-6 66.67 NOTE
r-devel-linux-x86_64-fedora-gcc 0.3-6 62.52 WARN
r-devel-windows-ix86+x86_64 0.3-6 64.00 122.00 186.00 OK
r-patched-linux-x86_64 0.3-6 15.59 35.02 50.61 WARN
r-patched-solaris-x86 0.3-6 93.70 OK
r-release-linux-x86_64 0.3-6 14.63 35.20 49.83 WARN
r-release-windows-ix86+x86_64 0.3-6 53.00 69.00 122.00 OK
r-release-osx-x86_64 0.3-6 OK
r-oldrel-windows-ix86+x86_64 0.3-6 53.00 86.00 139.00 OK
r-oldrel-osx-x86_64 0.3-6 OK

Additional issues

rchk

Check Details

Version: 0.3-6
Check: whether package can be installed
Result: WARN
    Found the following significant warnings:
     rboxlib.c:351:5: warning: ‘strncat’ output may be truncated copying between 0 and 199 bytes from a string of length 199 [-Wstringop-truncation]
Flavors: r-devel-linux-x86_64-debian-gcc, r-devel-linux-x86_64-fedora-gcc, r-patched-linux-x86_64, r-release-linux-x86_64

Version: 0.3-6
Check: compiled code
Result: NOTE
    File ‘geometry/libs/geometry.so’:
     Found no calls to: ‘R_registerRoutines’, ‘R_useDynamicSymbols’
    
    It is good practice to register native routines and to disable symbol
    search.
    
    See ‘Writing portable packages’ in the ‘Writing R Extensions’ manual.
Flavors: r-devel-linux-x86_64-fedora-clang, r-devel-linux-x86_64-fedora-gcc