Last updated on 2018-10-19 01:46:24 CEST.
Flavor | Version | Tinstall | Tcheck | Ttotal | Status | Flags |
---|---|---|---|---|---|---|
r-devel-linux-x86_64-debian-clang | 2.0.1 | 10.58 | 99.21 | 109.79 | OK | |
r-devel-linux-x86_64-debian-gcc | 2.0.1 | 7.61 | 73.90 | 81.51 | OK | |
r-devel-linux-x86_64-fedora-clang | 2.0.1 | 124.00 | NOTE | |||
r-devel-linux-x86_64-fedora-gcc | 2.0.1 | 117.39 | NOTE | |||
r-devel-windows-ix86+x86_64 | 2.0.1 | 22.00 | 139.00 | 161.00 | OK | |
r-patched-linux-x86_64 | 2.0.1 | 7.22 | 81.03 | 88.25 | OK | |
r-patched-solaris-x86 | 2.0.1 | 159.70 | NOTE | |||
r-release-linux-x86_64 | 2.0.1 | 6.94 | 80.56 | 87.50 | OK | |
r-release-windows-ix86+x86_64 | 2.0.1 | 18.00 | 89.00 | 107.00 | OK | |
r-release-osx-x86_64 | 2.0.1 | NOTE | ||||
r-oldrel-windows-ix86+x86_64 | 2.0.1 | 11.00 | 128.00 | 139.00 | OK | |
r-oldrel-osx-x86_64 | 2.0.1 | NOTE |
Version: 2.0.1
Check: dependencies in R code
Result: NOTE
Namespace in Imports field not imported from: ‘randomForest’
All declared Imports should be used.
Flavors: r-devel-linux-x86_64-fedora-clang, r-devel-linux-x86_64-fedora-gcc, r-patched-solaris-x86, r-release-osx-x86_64, r-oldrel-osx-x86_64