CRAN Package Check Results for Package ggalt

Last updated on 2018-10-19 01:46:24 CEST.

Flavor Version Tinstall Tcheck Ttotal Status Flags
r-devel-linux-x86_64-debian-clang 0.4.0 5.82 91.82 97.64 OK
r-devel-linux-x86_64-debian-gcc 0.4.0 4.71 72.91 77.62 OK
r-devel-linux-x86_64-fedora-clang 0.4.0 119.23 NOTE
r-devel-linux-x86_64-fedora-gcc 0.4.0 114.47 NOTE
r-devel-windows-ix86+x86_64 0.4.0 15.00 147.00 162.00 OK
r-patched-linux-x86_64 0.4.0 4.75 86.57 91.32 OK
r-patched-solaris-x86 0.4.0 155.50 NOTE
r-release-linux-x86_64 0.4.0 5.03 85.95 90.98 OK
r-release-windows-ix86+x86_64 0.4.0 16.00 99.00 115.00 OK
r-release-osx-x86_64 0.4.0 NOTE
r-oldrel-windows-ix86+x86_64 0.4.0 8.00 150.00 158.00 OK
r-oldrel-osx-x86_64 0.4.0 NOTE

Check Details

Version: 0.4.0
Check: dependencies in R code
Result: NOTE
    Namespace in Imports field not imported from: ‘plotly’
     All declared Imports should be used.
Flavors: r-devel-linux-x86_64-fedora-clang, r-devel-linux-x86_64-fedora-gcc, r-patched-solaris-x86, r-release-osx-x86_64, r-oldrel-osx-x86_64