CRAN Package Check Results for Package ggformula

Last updated on 2018-10-19 01:46:24 CEST.

Flavor Version Tinstall Tcheck Ttotal Status Flags
r-devel-linux-x86_64-debian-clang 0.9.0 16.73 282.02 298.75 OK
r-devel-linux-x86_64-debian-gcc 0.9.0 15.43 213.66 229.09 OK
r-devel-linux-x86_64-fedora-clang 0.9.0 356.32 NOTE
r-devel-linux-x86_64-fedora-gcc 0.9.0 349.77 NOTE
r-devel-windows-ix86+x86_64 0.9.0 33.00 386.00 419.00 OK
r-patched-linux-x86_64 0.9.0 16.54 273.99 290.53 OK
r-patched-solaris-x86 0.9.0 459.60 NOTE
r-release-linux-x86_64 0.9.0 16.65 271.59 288.24 OK
r-release-windows-ix86+x86_64 0.9.0 31.00 282.00 313.00 OK
r-release-osx-x86_64 0.9.0 NOTE
r-oldrel-windows-ix86+x86_64 0.9.0 11.00 433.00 444.00 OK
r-oldrel-osx-x86_64 0.9.0 NOTE

Check Details

Version: 0.9.0
Check: installed package size
Result: NOTE
     installed size is 5.0Mb
     sub-directories of 1Mb or more:
     doc 2.7Mb
Flavors: r-devel-linux-x86_64-fedora-clang, r-patched-solaris-x86

Version: 0.9.0
Check: dependencies in R code
Result: NOTE
    Namespace in Imports field not imported from: ‘tidyr’
     All declared Imports should be used.
Flavors: r-devel-linux-x86_64-fedora-clang, r-devel-linux-x86_64-fedora-gcc, r-patched-solaris-x86, r-release-osx-x86_64, r-oldrel-osx-x86_64