Last updated on 2018-10-19 01:46:24 CEST.
Flavor | Version | Tinstall | Tcheck | Ttotal | Status | Flags |
---|---|---|---|---|---|---|
r-devel-linux-x86_64-debian-clang | 1.0.2 | 52.39 | 149.13 | 201.52 | OK | |
r-devel-linux-x86_64-debian-gcc | 1.0.2 | 42.63 | 117.42 | 160.05 | OK | |
r-devel-linux-x86_64-fedora-clang | 1.0.2 | 259.60 | NOTE | |||
r-devel-linux-x86_64-fedora-gcc | 1.0.2 | 251.32 | OK | |||
r-devel-windows-ix86+x86_64 | 1.0.2 | 122.00 | 310.00 | 432.00 | NOTE | |
r-patched-linux-x86_64 | 1.0.2 | 56.45 | 143.09 | 199.54 | OK | |
r-patched-solaris-x86 | 1.0.2 | 311.10 | OK | |||
r-release-linux-x86_64 | 1.0.2 | 52.89 | 142.92 | 195.81 | OK | |
r-release-windows-ix86+x86_64 | 1.0.2 | 123.00 | 327.00 | 450.00 | NOTE | |
r-release-osx-x86_64 | 1.0.2 | NOTE | ||||
r-oldrel-windows-ix86+x86_64 | 1.0.2 | 86.00 | 357.00 | 443.00 | NOTE | |
r-oldrel-osx-x86_64 | 1.0.2 | NOTE |
Version: 1.0.2
Check: installed package size
Result: NOTE
installed size is 6.1Mb
sub-directories of 1Mb or more:
doc 3.0Mb
libs 2.2Mb
Flavors: r-devel-linux-x86_64-fedora-clang, r-devel-windows-ix86+x86_64, r-release-windows-ix86+x86_64, r-release-osx-x86_64, r-oldrel-windows-ix86+x86_64, r-oldrel-osx-x86_64