CRAN Package Check Results for Package googlesheets

Last updated on 2018-10-19 01:46:24 CEST.

Flavor Version Tinstall Tcheck Ttotal Status Flags
r-devel-linux-x86_64-debian-clang 0.3.0 5.09 48.55 53.64 OK
r-devel-linux-x86_64-debian-gcc 0.3.0 4.32 37.95 42.27 OK
r-devel-linux-x86_64-fedora-clang 0.3.0 63.89 NOTE
r-devel-linux-x86_64-fedora-gcc 0.3.0 59.16 NOTE
r-devel-windows-ix86+x86_64 0.3.0 15.00 89.00 104.00 OK
r-patched-linux-x86_64 0.3.0 4.88 42.30 47.18 OK
r-patched-solaris-x86 0.3.0 83.00 NOTE
r-release-linux-x86_64 0.3.0 4.66 42.73 47.39 OK
r-release-windows-ix86+x86_64 0.3.0 13.00 64.00 77.00 OK
r-release-osx-x86_64 0.3.0 NOTE
r-oldrel-windows-ix86+x86_64 0.3.0 9.00 91.00 100.00 OK
r-oldrel-osx-x86_64 0.3.0 NOTE

Check Details

Version: 0.3.0
Check: dependencies in R code
Result: NOTE
    Namespace in Imports field not imported from: ‘tibble’
     All declared Imports should be used.
Flavors: r-devel-linux-x86_64-fedora-clang, r-devel-linux-x86_64-fedora-gcc, r-patched-solaris-x86, r-release-osx-x86_64, r-oldrel-osx-x86_64