CRAN Package Check Results for Package gppm

Last updated on 2018-10-19 01:46:24 CEST.

Flavor Version Tinstall Tcheck Ttotal Status Flags
r-devel-linux-x86_64-debian-clang 0.2.0 4.77 332.97 337.74 OK
r-devel-linux-x86_64-debian-gcc 0.2.0 4.13 275.32 279.45 OK
r-devel-linux-x86_64-fedora-clang 0.2.0 376.03 OK
r-devel-linux-x86_64-fedora-gcc 0.2.0 372.47 OK
r-devel-windows-ix86+x86_64 0.2.0 12.00 345.00 357.00 ERROR
r-patched-linux-x86_64 0.2.0 4.42 353.40 357.82 OK
r-patched-solaris-x86 0.2.0 121.40 ERROR
r-release-linux-x86_64 0.2.0 3.10 349.59 352.69 OK
r-release-windows-ix86+x86_64 0.2.0 12.00 106.00 118.00 ERROR
r-release-osx-x86_64 0.2.0 OK
r-oldrel-windows-ix86+x86_64 0.2.0 9.00 333.00 342.00 OK
r-oldrel-osx-x86_64 0.2.0 OK

Check Details

Version: 0.2.0
Check: tests
Result: ERROR
     Running 'testthat.R' [56s]
    Running the tests in 'tests/testthat.R' failed.
    Complete output:
     > Sys.setenv("R_TESTS" = "")
     > library(testthat)
     > library(gppm)
     Loading required package: Rcpp
     >
     > test_check("gppm")
     Error in compileCode(f, code, language = language, verbose = verbose) :
     Compilation ERROR, function(s)/method(s) not created! In file included from D:/temp/Rtmpo9ZhUz/RLIBS_6e6854234708/BH/include/boost/config.hpp:39:0,
     from D:/temp/Rtmpo9ZhUz/RLIBS_6e6854234708/BH/include/boost/math/tools/config.hpp:13,
     from D:/temp/Rtmpo9ZhUz/RLIBS_6e6854234708/StanHeaders/include/stan/math/rev/core/var.hpp:7,
     from D:/temp/Rtmpo9ZhUz/RLIBS_6e6854234708/StanHeaders/include/stan/math/rev/core/gevv_vvv_vari.hpp:5,
     from D:/temp/Rtmpo9ZhUz/RLIBS_6e6854234708/StanHeaders/include/stan/math/rev/core.hpp:12,
     from D:/temp/Rtmpo9ZhUz/RLIBS_6e6854234708/StanHeaders/include/stan/math/rev/mat.hpp:4,
     from D:/temp/Rtmpo9ZhUz/RLIBS_6e6854234708/StanHeaders/include/stan/math.hpp:4,
     from D:/temp/Rtmpo9ZhUz/RLIBS_6e6854234708/StanHeaders/include/src/stan/model/model_header.hpp:4,
     from filebf84369b3b8d.cpp:8:
     D:/temp/Rtmpo9ZhUz/RLIBS_6e6854234708/B
     Calls: test_check ... <Anonymous> -> cxxfunctionplus -> cxxfunction -> compileCode
     In addition: Warning messages:
     1: In rstan::stan_model(model_code = theCode, auto_write = TRUE) :
     StanHeaders version is ahead of rstan version; update to latest rstan
     2: In system(cmd, intern = !verbose) :
     running command 'D:/RCompile/recent/R/bin/x64/R CMD SHLIB filebf84369b3b8d.cpp 2> filebf84369b3b8d.cpp.err.txt' had status 1
     Execution halted
Flavor: r-devel-windows-ix86+x86_64

Version: 0.2.0
Check: tests
Result: ERROR
     Running ‘testthat.R’ [42s/43s]
    Running the tests in ‘tests/testthat.R’ failed.
    Complete output:
     > Sys.setenv("R_TESTS" = "")
     > library(testthat)
     > library(gppm)
     Loading required package: Rcpp
     >
     > test_check("gppm")
     Error in compileCode(f, code, language = language, verbose = verbose) :
     Compilation ERROR, function(s)/method(s) not created! In file included from /tmp/Rtmp8_aGKr/RLIBS_23245ef23e2c/BH/include/boost/config.hpp:39:0,
     from /tmp/Rtmp8_aGKr/RLIBS_23245ef23e2c/BH/include/boost/math/tools/config.hpp:13,
     from /home/ripley/R/Lib32/StanHeaders/include/stan/math/rev/core/var.hpp:7,
     from /home/ripley/R/Lib32/StanHeaders/include/stan/math/rev/core/gevv_vvv_vari.hpp:5,
     from /home/ripley/R/Lib32/StanHeaders/include/stan/math/rev/core.hpp:12,
     from /home/ripley/R/Lib32/StanHeaders/include/stan/math/rev/mat.hpp:4,
     from /home/ripley/R/Lib32/StanHeaders/include/stan/math.hpp:4,
     from /home/ripley/R/Lib32/StanHeaders/include/src/stan/model/model_header.hpp:4,
     from file25aa44bf5bf4.cpp:8:
     /tmp/Rtmp8_aGKr/RLIBS_23245ef23e2c/BH/include/boost/config/compiler/gcc.hpp:186:0: warning: "BOOST_NO_CXX11_RVALUE_REFERENCES" redefined
     # define
     Calls: test_check ... <Anonymous> -> cxxfunctionplus -> cxxfunction -> compileCode
     In addition: Warning messages:
     1: In rstan::stan_model(model_code = theCode, auto_write = TRUE) :
     StanHeaders version is ahead of rstan version; update to latest rstan
     2: In system(cmd, intern = !verbose) :
     running command '/home/ripley/R/gcc/bin/R CMD SHLIB file25aa44bf5bf4.cpp 2> file25aa44bf5bf4.cpp.err.txt' had status 1 and error message 'Illegal seek'
     Execution halted
Flavor: r-patched-solaris-x86

Version: 0.2.0
Check: whether package can be installed
Result: WARN
    Found the following significant warnings:
     Warning: S3 methods '[.fun_list', '[.grouped_df', 'all.equal.tbl_df', 'anti_join.data.frame', 'anti_join.tbl_df', 'arrange.data.frame', 'arrange.default', 'arrange.grouped_df', 'arrange.tbl_df', 'arrange_.data.frame', 'arrange_.tbl_df', 'as.data.frame.grouped_df', 'as.data.frame.rowwise_df', 'as.data.frame.tbl_cube', 'as.data.frame.tbl_df', 'as.table.tbl_cube', 'as.tbl.data.frame', 'as.tbl.tbl', 'as.tbl_cube.array', 'as.tbl_cube.data.frame', 'as.tbl_cube.matrix', 'as.tbl_cube.table', 'as_data_frame.grouped_df', 'as_data_frame.tbl_cube', 'auto_copy.tbl_cube', 'auto_copy.tbl_df', 'cbind.grouped_df', 'collapse.data.frame', 'collect.data.frame', 'common_by.NULL', 'common_by.character', 'common_by.default', 'common_by.list', 'compute.data.frame', 'copy_to.DBIConnection', 'copy_to.src_local', 'default_missing.data.frame', 'default_missing.default', 'dim.tbl_cube', 'distinct.data.frame', 'distinct.default', 'distinct.grouped_df', 'distinct.tbl_df', 'distinct_.data.frame', 'distinct_.grouped_df', 'dist [... truncated]
Flavor: r-release-windows-ix86+x86_64

Version: 0.2.0
Check: tests
Result: ERROR
     Running 'testthat.R' [40s]
    Running the tests in 'tests/testthat.R' failed.
    Complete output:
     > Sys.setenv("R_TESTS" = "")
     > library(testthat)
     > library(gppm)
     Loading required package: Rcpp
     >
     > test_check("gppm")
     Error in compileCode(f, code, language = language, verbose = verbose) :
     Compilation ERROR, function(s)/method(s) not created! In file included from D:/temp/RtmpchATV6/RLIBS_2b5e4521c4c4e/BH/include/boost/config.hpp:39:0,
     from D:/temp/RtmpchATV6/RLIBS_2b5e4521c4c4e/BH/include/boost/math/tools/config.hpp:13,
     from D:/temp/RtmpchATV6/RLIBS_2b5e4521c4c4e/StanHeaders/include/stan/math/rev/core/var.hpp:7,
     from D:/temp/RtmpchATV6/RLIBS_2b5e4521c4c4e/StanHeaders/include/stan/math/rev/core/gevv_vvv_vari.hpp:5,
     from D:/temp/RtmpchATV6/RLIBS_2b5e4521c4c4e/StanHeaders/include/stan/math/rev/core.hpp:12,
     from D:/temp/RtmpchATV6/RLIBS_2b5e4521c4c4e/StanHeaders/include/stan/math/rev/mat.hpp:4,
     from D:/temp/RtmpchATV6/RLIBS_2b5e4521c4c4e/StanHeaders/include/stan/math.hpp:4,
     from D:/temp/RtmpchATV6/RLIBS_2b5e4521c4c4e/StanHeaders/include/src/stan/model/model_header.hpp:4,
     from file2900c733419cf.cpp:8:
     D:/temp/RtmpchATV6/RLIBS_2b5e4
     Calls: test_check ... <Anonymous> -> cxxfunctionplus -> cxxfunction -> compileCode
     In addition: Warning messages:
     1: In rstan::stan_model(model_code = theCode, auto_write = TRUE) :
     StanHeaders version is ahead of rstan version; update to latest rstan
     2: In system(cmd, intern = !verbose) :
     running command 'D:/RCompile/recent/R-35~1.1/bin/x64/R CMD SHLIB file2900c733419cf.cpp 2> file2900c733419cf.cpp.err.txt' had status 1
     Execution halted
Flavor: r-release-windows-ix86+x86_64