Last updated on 2018-10-19 01:46:24 CEST.
Flavor | Version | Tinstall | Tcheck | Ttotal | Status | Flags |
---|---|---|---|---|---|---|
r-devel-linux-x86_64-debian-clang | 2.1-1 | 4.59 | 34.66 | 39.25 | OK | |
r-devel-linux-x86_64-debian-gcc | 2.1-1 | 3.22 | 27.49 | 30.71 | OK | |
r-devel-linux-x86_64-fedora-clang | 2.1-1 | 45.77 | OK | |||
r-devel-linux-x86_64-fedora-gcc | 2.1-1 | 43.78 | OK | |||
r-devel-windows-ix86+x86_64 | 2.1-1 | 7.00 | 49.00 | 56.00 | OK | |
r-patched-linux-x86_64 | 2.1-1 | 3.14 | 30.64 | 33.78 | NOTE | |
r-patched-solaris-x86 | 2.1-1 | 64.20 | OK | |||
r-release-linux-x86_64 | 2.1-1 | 2.58 | 30.77 | 33.35 | NOTE | |
r-release-windows-ix86+x86_64 | 2.1-1 | 9.00 | 63.00 | 72.00 | OK | |
r-release-osx-x86_64 | 2.1-1 | OK | ||||
r-oldrel-windows-ix86+x86_64 | 2.1-1 | 5.00 | 62.00 | 67.00 | OK | |
r-oldrel-osx-x86_64 | 2.1-1 | OK |
Version: 2.1-1
Check: DESCRIPTION meta-information
Result: NOTE
Dependence on R version ‘3.3.2’ not with patchlevel 0
Flavors: r-patched-linux-x86_64, r-release-linux-x86_64