Last updated on 2018-10-19 01:46:24 CEST.
Flavor | Version | Tinstall | Tcheck | Ttotal | Status | Flags |
---|---|---|---|---|---|---|
r-devel-linux-x86_64-debian-clang | 0.1-4 | 4.01 | 54.03 | 58.04 | OK | |
r-devel-linux-x86_64-debian-gcc | 0.1-4 | 3.20 | 43.09 | 46.29 | OK | |
r-devel-linux-x86_64-fedora-clang | 0.1-4 | 67.76 | OK | |||
r-devel-linux-x86_64-fedora-gcc | 0.1-4 | 68.68 | OK | |||
r-devel-windows-ix86+x86_64 | 0.1-4 | 8.00 | 66.00 | 74.00 | OK | |
r-patched-linux-x86_64 | 0.1-4 | 4.04 | 48.35 | 52.39 | OK | |
r-patched-solaris-x86 | 0.1-4 | 93.60 | NOTE | |||
r-release-linux-x86_64 | 0.1-4 | 3.17 | 48.89 | 52.06 | OK | |
r-release-windows-ix86+x86_64 | 0.1-4 | 6.00 | 88.00 | 94.00 | OK | |
r-release-osx-x86_64 | 0.1-4 | NOTE | ||||
r-oldrel-windows-ix86+x86_64 | 0.1-4 | 4.00 | 92.00 | 96.00 | OK | |
r-oldrel-osx-x86_64 | 0.1-4 | OK |
Version: 0.1-4
Check: package dependencies
Result: NOTE
Package suggested but not available for checking: ‘rsvg’
Flavors: r-patched-solaris-x86, r-release-osx-x86_64