CRAN Package Check Results for Package gridsampler

Last updated on 2018-10-19 01:46:24 CEST.

Flavor Version Tinstall Tcheck Ttotal Status Flags
r-devel-linux-x86_64-debian-clang 0.6 2.91 77.55 80.46 OK
r-devel-linux-x86_64-debian-gcc 0.6 2.23 57.96 60.19 OK
r-devel-linux-x86_64-fedora-clang 0.6 95.81 NOTE
r-devel-linux-x86_64-fedora-gcc 0.6 91.26 NOTE
r-devel-windows-ix86+x86_64 0.6 13.00 103.00 116.00 OK
r-patched-linux-x86_64 0.6 1.71 70.74 72.45 OK
r-patched-solaris-x86 0.6 131.10 NOTE
r-release-linux-x86_64 0.6 2.62 70.17 72.79 OK
r-release-windows-ix86+x86_64 0.6 11.00 97.00 108.00 OK
r-release-osx-x86_64 0.6 NOTE
r-oldrel-windows-ix86+x86_64 0.6 7.00 132.00 139.00 OK
r-oldrel-osx-x86_64 0.6 NOTE

Check Details

Version: 0.6
Check: dependencies in R code
Result: NOTE
    Namespace in Imports field not imported from: ‘BiasedUrn’
     All declared Imports should be used.
Flavors: r-devel-linux-x86_64-fedora-clang, r-devel-linux-x86_64-fedora-gcc, r-patched-solaris-x86, r-release-osx-x86_64, r-oldrel-osx-x86_64