Last updated on 2018-10-19 01:46:25 CEST.
Flavor | Version | Tinstall | Tcheck | Ttotal | Status | Flags |
---|---|---|---|---|---|---|
r-devel-linux-x86_64-debian-clang | 1.3-5 | 6.41 | 106.98 | 113.39 | NOTE | |
r-devel-linux-x86_64-debian-gcc | 1.3-5 | 5.15 | 81.88 | 87.03 | NOTE | |
r-devel-linux-x86_64-fedora-clang | 1.3-5 | 141.40 | NOTE | |||
r-devel-linux-x86_64-fedora-gcc | 1.3-5 | 153.42 | NOTE | |||
r-devel-windows-ix86+x86_64 | 1.3-5 | 17.00 | 176.00 | 193.00 | OK | |
r-patched-linux-x86_64 | 1.3-5 | 4.78 | 100.48 | 105.26 | NOTE | |
r-patched-solaris-x86 | 1.3-5 | 165.90 | NOTE | |||
r-release-linux-x86_64 | 1.3-5 | 6.09 | 99.71 | 105.80 | NOTE | |
r-release-windows-ix86+x86_64 | 1.3-5 | 14.00 | 182.00 | 196.00 | OK | |
r-release-osx-x86_64 | 1.3-5 | OK | ||||
r-oldrel-windows-ix86+x86_64 | 1.3-5 | 9.00 | 185.00 | 194.00 | OK | |
r-oldrel-osx-x86_64 | 1.3-5 | OK |
Version: 1.3-5
Check: package dependencies
Result: NOTE
Package suggested but not available for checking: ‘FRB’
Flavors: r-devel-linux-x86_64-debian-clang, r-devel-linux-x86_64-debian-gcc, r-devel-linux-x86_64-fedora-clang, r-devel-linux-x86_64-fedora-gcc, r-patched-linux-x86_64, r-patched-solaris-x86, r-release-linux-x86_64