Last updated on 2018-10-19 01:46:25 CEST.
Flavor | Version | Tinstall | Tcheck | Ttotal | Status | Flags |
---|---|---|---|---|---|---|
r-devel-linux-x86_64-debian-clang | 1.1 | 7.92 | 110.41 | 118.33 | OK | |
r-devel-linux-x86_64-debian-gcc | 1.1 | 6.53 | 86.00 | 92.53 | OK | |
r-devel-linux-x86_64-fedora-clang | 1.1 | 143.16 | OK | |||
r-devel-linux-x86_64-fedora-gcc | 1.1 | 135.21 | OK | |||
r-devel-windows-ix86+x86_64 | 1.1 | 20.00 | 131.00 | 151.00 | OK | |
r-patched-linux-x86_64 | 1.1 | 6.09 | 89.68 | 95.77 | OK | |
r-patched-solaris-x86 | 1.1 | 180.40 | OK | |||
r-release-linux-x86_64 | 1.1 | 6.20 | 89.38 | 95.58 | OK | |
r-release-windows-ix86+x86_64 | 1.1 | 17.00 | 140.00 | 157.00 | OK | |
r-release-osx-x86_64 | 1.1 | OK | ||||
r-oldrel-windows-ix86+x86_64 | 1.1 | 14.00 | 187.00 | 201.00 | OK | |
r-oldrel-osx-x86_64 | 1.1 | NOTE |
Version: 1.1
Check: re-building of vignette outputs
Result: NOTE
Error in re-building vignettes:
...
Loading required package: mice
Warning in hot.deck(isq99, sdCutoff = 3, IDvars = c("IDORIGIN", "YEAR")) :
52 observations with no observed data. These observations were removed
Warning in hot.deck(isq99, sdCutoff = 3, IDvars = c("IDORIGIN", "YEAR")) :
45 of 4661 imputations with # donors < 5, consider increasing sdCutoff or using method='p.draw'
* miceadds 2.3-0 (2017-02-21 15:02:53)
Error in texi2dvi(file = file, pdf = TRUE, clean = clean, quiet = quiet, :
Running 'texi2dvi' on 'Using_Hot_Deck_Data.tex' failed.
LaTeX errors:
! LaTeX Error: File `multirow.sty' not found.
Type X to quit or <RETURN> to proceed,
or enter new name. (Default extension: sty)
! Emergency stop.
<read *>
l.4 \usepackage
{graphicx, subfigure, float} % graphics commands^^M
! ==> Fatal error occurred, no output PDF file produced!
Calls: buildVignettes -> texi2pdf -> texi2dvi
Execution halted
Flavor: r-oldrel-osx-x86_64