Last updated on 2018-10-19 01:46:25 CEST.
Flavor | Version | Tinstall | Tcheck | Ttotal | Status | Flags |
---|---|---|---|---|---|---|
r-devel-linux-x86_64-debian-clang | 0.7.1 | 37.92 | 337.68 | 375.60 | OK | |
r-devel-linux-x86_64-debian-gcc | 0.7.1 | 40.69 | 267.70 | 308.39 | OK | |
r-devel-linux-x86_64-fedora-clang | 0.7.1 | 470.15 | NOTE | |||
r-devel-linux-x86_64-fedora-gcc | 0.7.1 | 451.35 | OK | |||
r-devel-windows-ix86+x86_64 | 0.7.1 | 132.00 | 562.00 | 694.00 | NOTE | |
r-patched-linux-x86_64 | 0.7.1 | 33.36 | 282.25 | 315.61 | NOTE | |
r-patched-solaris-x86 | 0.7.1 | 528.00 | NOTE | |||
r-release-linux-x86_64 | 0.7.1 | 40.01 | 284.57 | 324.58 | NOTE | |
r-release-windows-ix86+x86_64 | 0.7.1 | 133.00 | 487.00 | 620.00 | NOTE | |
r-release-osx-x86_64 | 0.7.1 | NOTE | ||||
r-oldrel-windows-ix86+x86_64 | 0.7.1 | 72.00 | 524.00 | 596.00 | NOTE | |
r-oldrel-osx-x86_64 | 0.7.1 | OK |
Version: 0.7.1
Check: installed package size
Result: NOTE
installed size is 6.1Mb
sub-directories of 1Mb or more:
R 1.9Mb
doc 2.5Mb
Flavors: r-devel-linux-x86_64-fedora-clang, r-devel-windows-ix86+x86_64, r-patched-solaris-x86, r-release-windows-ix86+x86_64, r-release-osx-x86_64, r-oldrel-windows-ix86+x86_64
Version: 0.7.1
Check: DESCRIPTION meta-information
Result: NOTE
Dependence on R version ‘3.3.1’ not with patchlevel 0
Flavors: r-patched-linux-x86_64, r-release-linux-x86_64