Last updated on 2018-10-19 01:46:26 CEST.
Flavor | Version | Tinstall | Tcheck | Ttotal | Status | Flags |
---|---|---|---|---|---|---|
r-devel-linux-x86_64-debian-clang | 1.1 | 1.90 | 29.14 | 31.04 | NOTE | |
r-devel-linux-x86_64-debian-gcc | 1.1 | 2.17 | 22.32 | 24.49 | NOTE | |
r-devel-linux-x86_64-fedora-clang | 1.1 | 36.37 | NOTE | |||
r-devel-linux-x86_64-fedora-gcc | 1.1 | 34.88 | NOTE | |||
r-devel-windows-ix86+x86_64 | 1.1 | 6.00 | 50.00 | 56.00 | NOTE | |
r-patched-linux-x86_64 | 1.1 | 2.53 | 26.46 | 28.99 | NOTE | |
r-patched-solaris-x86 | 1.1 | 49.10 | NOTE | |||
r-release-linux-x86_64 | 1.1 | 2.11 | 26.71 | 28.82 | NOTE | |
r-release-windows-ix86+x86_64 | 1.1 | 6.00 | 39.00 | 45.00 | NOTE | |
r-release-osx-x86_64 | 1.1 | NOTE | ||||
r-oldrel-windows-ix86+x86_64 | 1.1 | 6.00 | 51.00 | 57.00 | NOTE | |
r-oldrel-osx-x86_64 | 1.1 | NOTE |
Version: 1.1
Check: R code for possible problems
Result: NOTE
HH: no visible global function definition for ‘var’
HH: no visible global function definition for ‘qnorm’
exactCI: no visible global function definition for ‘quantile’
sample.n: no visible global function definition for ‘rbinom’
Undefined global functions or variables:
qnorm quantile rbinom var
Consider adding
importFrom("stats", "qnorm", "quantile", "rbinom", "var")
to your NAMESPACE file.
Flavors: r-devel-linux-x86_64-debian-clang, r-devel-linux-x86_64-debian-gcc, r-devel-linux-x86_64-fedora-clang, r-devel-linux-x86_64-fedora-gcc, r-devel-windows-ix86+x86_64, r-patched-linux-x86_64, r-patched-solaris-x86, r-release-linux-x86_64, r-release-windows-ix86+x86_64, r-release-osx-x86_64, r-oldrel-windows-ix86+x86_64, r-oldrel-osx-x86_64