Last updated on 2018-10-19 01:46:26 CEST.
Flavor | Version | Tinstall | Tcheck | Ttotal | Status | Flags |
---|---|---|---|---|---|---|
r-devel-linux-x86_64-debian-clang | 0.0-7 | 4.97 | 46.78 | 51.75 | NOTE | |
r-devel-linux-x86_64-debian-gcc | 0.0-7 | 3.80 | 37.42 | 41.22 | NOTE | |
r-devel-linux-x86_64-fedora-clang | 0.0-7 | 61.82 | NOTE | |||
r-devel-linux-x86_64-fedora-gcc | 0.0-7 | 58.99 | NOTE | |||
r-devel-windows-ix86+x86_64 | 0.0-7 | 10.00 | 59.00 | 69.00 | NOTE | |
r-patched-linux-x86_64 | 0.0-7 | 4.57 | 41.99 | 46.56 | NOTE | |
r-patched-solaris-x86 | 0.0-7 | 80.00 | NOTE | |||
r-release-linux-x86_64 | 0.0-7 | 4.68 | 42.13 | 46.81 | NOTE | |
r-release-windows-ix86+x86_64 | 0.0-7 | 12.00 | 77.00 | 89.00 | NOTE | |
r-release-osx-x86_64 | 0.0-7 | NOTE | ||||
r-oldrel-windows-ix86+x86_64 | 0.0-7 | 5.00 | 74.00 | 79.00 | NOTE | |
r-oldrel-osx-x86_64 | 0.0-7 | NOTE |
Version: 0.0-7
Check: R code for possible problems
Result: NOTE
code.simple.gaps: no visible global function definition for ‘tail’
multistateMCMC: no visible global function definition for ‘write.table’
multistateMCMC: no visible global function definition for ‘read.table’
multistateMCMC: no visible global function definition for ‘tail’
multistateML: no visible global function definition for ‘tail’
multistateML: no visible global function definition for ‘write.table’
multistateML: no visible global function definition for ‘read.table’
phylo2mafft: no visible global function definition for ‘write.table’
read.beast : foo: no visible global function definition for ‘head’
read.beast: no visible global function definition for ‘tail’
read.starbeast: no visible global function definition for ‘head’
trimEnds : replaceWithN : getIndex: no visible global function
definition for ‘head’
unresolve.clade: no visible global function definition for ‘tail’
unresolve.clade: no visible global function definition for ‘head’
write.fas: no visible global function definition for ‘tail’
Undefined global functions or variables:
head read.table tail write.table
Consider adding
importFrom("utils", "head", "read.table", "tail", "write.table")
to your NAMESPACE file.
Flavors: r-devel-linux-x86_64-debian-clang, r-devel-linux-x86_64-debian-gcc, r-devel-linux-x86_64-fedora-clang, r-devel-linux-x86_64-fedora-gcc, r-devel-windows-ix86+x86_64, r-patched-linux-x86_64, r-patched-solaris-x86, r-release-linux-x86_64, r-release-windows-ix86+x86_64, r-release-osx-x86_64, r-oldrel-windows-ix86+x86_64, r-oldrel-osx-x86_64