Last updated on 2018-10-19 01:46:27 CEST.
Flavor | Version | Tinstall | Tcheck | Ttotal | Status | Flags |
---|---|---|---|---|---|---|
r-devel-linux-x86_64-debian-clang | 0.1.1.2 | 16.92 | 29.69 | 46.61 | OK | |
r-devel-linux-x86_64-debian-gcc | 0.1.1.2 | 13.91 | 23.69 | 37.60 | OK | |
r-devel-linux-x86_64-fedora-clang | 0.1.1.2 | 60.42 | NOTE | |||
r-devel-linux-x86_64-fedora-gcc | 0.1.1.2 | 56.44 | NOTE | |||
r-devel-windows-ix86+x86_64 | 0.1.1.2 | 39.00 | 64.00 | 103.00 | OK | |
r-patched-linux-x86_64 | 0.1.1.2 | 17.06 | 26.52 | 43.58 | OK | |
r-patched-solaris-x86 | 0.1.1.2 | 67.10 | NOTE | |||
r-release-linux-x86_64 | 0.1.1.2 | 17.65 | 26.83 | 44.48 | OK | |
r-release-windows-ix86+x86_64 | 0.1.1.2 | 34.00 | 74.00 | 108.00 | OK | |
r-release-osx-x86_64 | 0.1.1.2 | NOTE | ||||
r-oldrel-windows-ix86+x86_64 | 0.1.1.2 | 28.00 | 73.00 | 101.00 | OK | |
r-oldrel-osx-x86_64 | 0.1.1.2 | NOTE |
Version: 0.1.1.2
Check: dependencies in R code
Result: NOTE
Namespace in Imports field not imported from: ‘mclust’
All declared Imports should be used.
Flavors: r-devel-linux-x86_64-fedora-clang, r-devel-linux-x86_64-fedora-gcc, r-patched-solaris-x86, r-release-osx-x86_64, r-oldrel-osx-x86_64