CRAN Package Check Results for Package lans2r

Last updated on 2018-10-19 01:46:27 CEST.

Flavor Version Tinstall Tcheck Ttotal Status Flags
r-devel-linux-x86_64-debian-clang 1.0.5 4.56 91.14 95.70 OK
r-devel-linux-x86_64-debian-gcc 1.0.5 3.74 68.48 72.22 OK
r-devel-linux-x86_64-fedora-clang 1.0.5 112.43 OK
r-devel-linux-x86_64-fedora-gcc 1.0.5 107.27 OK
r-devel-windows-ix86+x86_64 1.0.5 13.00 128.00 141.00 OK
r-patched-linux-x86_64 1.0.5 3.78 80.69 84.47 OK
r-patched-solaris-x86 1.0.5 161.10 NOTE
r-release-linux-x86_64 1.0.5 3.59 80.15 83.74 OK
r-release-windows-ix86+x86_64 1.0.5 12.00 134.00 146.00 OK
r-release-osx-x86_64 1.0.5 OK
r-oldrel-windows-ix86+x86_64 1.0.5 11.00 160.00 171.00 OK
r-oldrel-osx-x86_64 1.0.5 OK

Check Details

Version: 1.0.5
Check: installed package size
Result: NOTE
     installed size is 5.7Mb
     sub-directories of 1Mb or more:
     doc 2.5Mb
     extdata 3.1Mb
Flavor: r-patched-solaris-x86