CRAN Package Check Results for Package likert

Last updated on 2018-10-19 01:46:27 CEST.

Flavor Version Tinstall Tcheck Ttotal Status Flags
r-devel-linux-x86_64-debian-clang 1.3.5 4.60 52.58 57.18 OK
r-devel-linux-x86_64-debian-gcc 1.3.5 3.36 40.38 43.74 OK
r-devel-linux-x86_64-fedora-clang 1.3.5 67.01 NOTE
r-devel-linux-x86_64-fedora-gcc 1.3.5 62.75 NOTE
r-devel-windows-ix86+x86_64 1.3.5 13.00 72.00 85.00 OK
r-patched-linux-x86_64 1.3.5 4.07 45.56 49.63 OK
r-patched-solaris-x86 1.3.5 94.80 NOTE
r-release-linux-x86_64 1.3.5 3.20 45.55 48.75 OK
r-release-windows-ix86+x86_64 1.3.5 14.00 71.00 85.00 OK
r-release-osx-x86_64 1.3.5 NOTE
r-oldrel-windows-ix86+x86_64 1.3.5 8.00 90.00 98.00 OK
r-oldrel-osx-x86_64 1.3.5 NOTE

Check Details

Version: 1.3.5
Check: data for non-ASCII characters
Result: NOTE
     Note: found 7 marked UTF-8 strings
Flavors: r-devel-linux-x86_64-fedora-clang, r-devel-linux-x86_64-fedora-gcc, r-patched-solaris-x86, r-release-osx-x86_64, r-oldrel-osx-x86_64

Version: 1.3.5
Check: package dependencies
Result: NOTE
    Package suggested but not available for checking: ‘devtools’
Flavor: r-oldrel-osx-x86_64