Last updated on 2018-10-19 01:46:27 CEST.
Flavor | Version | Tinstall | Tcheck | Ttotal | Status | Flags |
---|---|---|---|---|---|---|
r-devel-linux-x86_64-debian-clang | 1.0.13 | 6.51 | 75.33 | 81.84 | OK | |
r-devel-linux-x86_64-debian-gcc | 1.0.13 | 5.43 | 56.38 | 61.81 | OK | |
r-devel-linux-x86_64-fedora-clang | 1.0.13 | 94.11 | NOTE | |||
r-devel-linux-x86_64-fedora-gcc | 1.0.13 | 88.91 | NOTE | |||
r-devel-windows-ix86+x86_64 | 1.0.13 | 14.00 | 117.00 | 131.00 | OK | |
r-patched-linux-x86_64 | 1.0.13 | 5.42 | 64.79 | 70.21 | OK | |
r-patched-solaris-x86 | 1.0.13 | 123.90 | NOTE | |||
r-release-linux-x86_64 | 1.0.13 | 4.31 | 64.34 | 68.65 | OK | |
r-release-windows-ix86+x86_64 | 1.0.13 | 15.00 | 107.00 | 122.00 | OK | |
r-release-osx-x86_64 | 1.0.13 | NOTE | ||||
r-oldrel-windows-ix86+x86_64 | 1.0.13 | 10.00 | 135.00 | 145.00 | OK | |
r-oldrel-osx-x86_64 | 1.0.13 | NOTE |
Version: 1.0.13
Check: data for non-ASCII characters
Result: NOTE
Note: found 120 marked UTF-8 strings
Flavors: r-devel-linux-x86_64-fedora-clang, r-devel-linux-x86_64-fedora-gcc, r-patched-solaris-x86, r-release-osx-x86_64, r-oldrel-osx-x86_64