Last updated on 2018-10-19 01:46:28 CEST.
Flavor | Version | Tinstall | Tcheck | Ttotal | Status | Flags |
---|---|---|---|---|---|---|
r-devel-linux-x86_64-debian-clang | 1.1 | 0.78 | 17.07 | 17.85 | NOTE | |
r-devel-linux-x86_64-debian-gcc | 1.1 | 0.77 | 13.71 | 14.48 | NOTE | |
r-devel-linux-x86_64-fedora-clang | 1.1 | 21.37 | NOTE | |||
r-devel-linux-x86_64-fedora-gcc | 1.1 | 20.41 | NOTE | |||
r-devel-windows-ix86+x86_64 | 1.1 | 4.00 | 40.00 | 44.00 | NOTE | |
r-patched-linux-x86_64 | 1.1 | 0.74 | 15.08 | 15.82 | NOTE | |
r-patched-solaris-x86 | 1.1 | 32.10 | NOTE | |||
r-release-linux-x86_64 | 1.1 | 0.84 | 15.43 | 16.27 | NOTE | |
r-release-windows-ix86+x86_64 | 1.1 | 4.00 | 26.00 | 30.00 | NOTE | |
r-release-osx-x86_64 | 1.1 | NOTE | ||||
r-oldrel-windows-ix86+x86_64 | 1.1 | 3.00 | 24.00 | 27.00 | NOTE | |
r-oldrel-osx-x86_64 | 1.1 | NOTE |
Version: 1.1
Check: DESCRIPTION meta-information
Result: NOTE
Malformed Description field: should contain one or more complete sentences.
Flavors: r-devel-linux-x86_64-debian-clang, r-devel-linux-x86_64-debian-gcc, r-devel-linux-x86_64-fedora-clang, r-devel-linux-x86_64-fedora-gcc, r-devel-windows-ix86+x86_64, r-patched-linux-x86_64, r-patched-solaris-x86, r-release-linux-x86_64, r-release-windows-ix86+x86_64, r-release-osx-x86_64, r-oldrel-windows-ix86+x86_64, r-oldrel-osx-x86_64
Version: 1.1
Check: R code for possible problems
Result: NOTE
Lsdv.formula: no visible global function definition for ‘model.frame’
Lsdv.formula: no visible global function definition for ‘model.matrix’
Lsdv.formula: no visible global function definition for
‘model.response’
lsdv: no visible global function definition for ‘pf’
summary.Lsdv: no visible global function definition for ‘coef’
summary.Lsdv: no visible global function definition for ‘pt’
Undefined global functions or variables:
coef model.frame model.matrix model.response pf pt
Consider adding
importFrom("stats", "coef", "model.frame", "model.matrix",
"model.response", "pf", "pt")
to your NAMESPACE file.
Flavors: r-devel-linux-x86_64-debian-clang, r-devel-linux-x86_64-debian-gcc, r-devel-linux-x86_64-fedora-clang, r-devel-linux-x86_64-fedora-gcc, r-devel-windows-ix86+x86_64, r-patched-linux-x86_64, r-patched-solaris-x86, r-release-linux-x86_64, r-release-windows-ix86+x86_64, r-release-osx-x86_64, r-oldrel-windows-ix86+x86_64, r-oldrel-osx-x86_64