Last updated on 2018-10-19 01:46:28 CEST.
Flavor | Version | Tinstall | Tcheck | Ttotal | Status | Flags |
---|---|---|---|---|---|---|
r-devel-linux-x86_64-debian-clang | 1.4.6 | 3.83 | 27.58 | 31.41 | OK | |
r-devel-linux-x86_64-debian-gcc | 1.4.6 | 2.60 | 21.67 | 24.27 | OK | |
r-devel-linux-x86_64-fedora-clang | 1.4.6 | 36.75 | NOTE | |||
r-devel-linux-x86_64-fedora-gcc | 1.4.6 | 35.27 | NOTE | |||
r-devel-windows-ix86+x86_64 | 1.4.6 | 21.00 | 58.00 | 79.00 | OK | |
r-patched-linux-x86_64 | 1.4.6 | 3.04 | 25.61 | 28.65 | OK | |
r-patched-solaris-x86 | 1.4.6 | 50.60 | OK | |||
r-release-linux-x86_64 | 1.4.6 | 2.38 | 26.11 | 28.49 | OK | |
r-release-windows-ix86+x86_64 | 1.4.6 | 23.00 | 43.00 | 66.00 | OK | |
r-release-osx-x86_64 | 1.4.6 | OK | ||||
r-oldrel-windows-ix86+x86_64 | 1.4.6 | 14.00 | 41.00 | 55.00 | OK | |
r-oldrel-osx-x86_64 | 1.4.6 | OK |
Version: 1.4.6
Check: compiled code
Result: NOTE
File ‘ltsa/libs/ltsa.so’:
Found no calls to: ‘R_registerRoutines’, ‘R_useDynamicSymbols’
It is good practice to register native routines and to disable symbol
search.
See ‘Writing portable packages’ in the ‘Writing R Extensions’ manual.
Flavors: r-devel-linux-x86_64-fedora-clang, r-devel-linux-x86_64-fedora-gcc