Last updated on 2018-10-19 01:46:28 CEST.
Flavor | Version | Tinstall | Tcheck | Ttotal | Status | Flags |
---|---|---|---|---|---|---|
r-devel-linux-x86_64-debian-clang | 2.6.0 | 39.10 | 120.19 | 159.29 | OK | |
r-devel-linux-x86_64-debian-gcc | 2.6.0 | 30.30 | 98.21 | 128.51 | OK | |
r-devel-linux-x86_64-fedora-clang | 2.6.0 | 194.63 | NOTE | |||
r-devel-linux-x86_64-fedora-gcc | 2.6.0 | 184.61 | NOTE | |||
r-devel-windows-ix86+x86_64 | 2.6.0 | 77.00 | 248.00 | 325.00 | OK | |
r-patched-linux-x86_64 | 2.6.0 | 33.38 | 103.52 | 136.90 | OK | |
r-patched-solaris-x86 | 2.6.0 | 212.30 | NOTE | |||
r-release-linux-x86_64 | 2.6.0 | 30.98 | 103.18 | 134.16 | OK | |
r-release-windows-ix86+x86_64 | 2.6.0 | 77.00 | 209.00 | 286.00 | OK | |
r-release-osx-x86_64 | 2.6.0 | NOTE | ||||
r-oldrel-windows-ix86+x86_64 | 2.6.0 | 60.00 | 241.00 | 301.00 | NOTE | |
r-oldrel-osx-x86_64 | 2.6.0 | NOTE |
Version: 2.6.0
Check: dependencies in R code
Result: NOTE
Namespace in Imports field not imported from: ‘stars’
All declared Imports should be used.
Flavors: r-devel-linux-x86_64-fedora-clang, r-devel-linux-x86_64-fedora-gcc, r-patched-solaris-x86, r-release-osx-x86_64, r-oldrel-osx-x86_64
Version: 2.6.0
Check: R code for possible problems
Result: NOTE
is_literally_false: no visible global function definition for 'isFALSE'
Undefined global functions or variables:
isFALSE
Flavors: r-oldrel-windows-ix86+x86_64, r-oldrel-osx-x86_64