CRAN Package Check Results for Package matrixpls

Last updated on 2018-10-19 01:46:28 CEST.

Flavor Version Tinstall Tcheck Ttotal Status Flags
r-devel-linux-x86_64-debian-clang 1.0.5 5.29 55.39 60.68 OK
r-devel-linux-x86_64-debian-gcc 1.0.5 3.46 42.23 45.69 OK
r-devel-linux-x86_64-fedora-clang 1.0.5 70.74 OK
r-devel-linux-x86_64-fedora-gcc 1.0.5 67.91 OK
r-devel-windows-ix86+x86_64 1.0.5 10.00 86.00 96.00 OK
r-patched-linux-x86_64 1.0.5 3.51 52.68 56.19 OK
r-patched-solaris-x86 1.0.5 86.60 OK
r-release-linux-x86_64 1.0.5 3.02 53.48 56.50 OK
r-release-windows-ix86+x86_64 1.0.5 12.00 85.00 97.00 OK
r-release-osx-x86_64 1.0.5 NOTE
r-oldrel-windows-ix86+x86_64 1.0.5 7.00 94.00 101.00 OK
r-oldrel-osx-x86_64 1.0.5 NOTE

Check Details

Version: 1.0.5
Check: package dependencies
Result: NOTE
    Package suggested but not available for checking: ‘ASGSCA’
Flavors: r-release-osx-x86_64, r-oldrel-osx-x86_64