CRAN Package Check Results for Package mcMST

Last updated on 2018-10-19 01:46:29 CEST.

Flavor Version Tinstall Tcheck Ttotal Status Flags
r-devel-linux-x86_64-debian-clang 1.0.1 7.60 107.75 115.35 OK
r-devel-linux-x86_64-debian-gcc 1.0.1 7.15 84.18 91.33 OK
r-devel-linux-x86_64-fedora-clang 1.0.1 135.64 NOTE
r-devel-linux-x86_64-fedora-gcc 1.0.1 130.91 NOTE
r-devel-windows-ix86+x86_64 1.0.1 21.00 109.00 130.00 OK
r-patched-linux-x86_64 1.0.1 6.98 89.47 96.45 OK
r-patched-solaris-x86 1.0.1 177.30 NOTE
r-release-linux-x86_64 1.0.1 6.12 89.16 95.28 OK
r-release-windows-ix86+x86_64 1.0.1 26.00 136.00 162.00 OK
r-release-osx-x86_64 1.0.1 NOTE
r-oldrel-windows-ix86+x86_64 1.0.1 15.00 162.00 177.00 OK
r-oldrel-osx-x86_64 1.0.1 NOTE

Check Details

Version: 1.0.1
Check: dependencies in R code
Result: NOTE
    Namespaces in Imports field not imported from:
     ‘parallelMap’ ‘reshape2’
     All declared Imports should be used.
Flavors: r-devel-linux-x86_64-fedora-clang, r-devel-linux-x86_64-fedora-gcc, r-patched-solaris-x86, r-release-osx-x86_64, r-oldrel-osx-x86_64