CRAN Package Check Results for Package mds

Last updated on 2018-10-19 01:46:29 CEST.

Flavor Version Tinstall Tcheck Ttotal Status Flags
r-devel-linux-x86_64-debian-clang 0.2.0 1.53 67.90 69.43 OK
r-devel-linux-x86_64-debian-gcc 0.2.0 1.85 53.46 55.31 OK
r-devel-linux-x86_64-fedora-clang 0.2.0 82.77 NOTE
r-devel-linux-x86_64-fedora-gcc 0.2.0 81.16 NOTE
r-devel-windows-ix86+x86_64 0.2.0 5.00 81.00 86.00 OK
r-patched-linux-x86_64 0.2.0 1.97 64.78 66.75 OK
r-patched-solaris-x86 0.2.0 103.40 NOTE
r-release-linux-x86_64 0.2.0 1.98 64.90 66.88 OK
r-release-windows-ix86+x86_64 0.2.0 4.00 98.00 102.00 OK
r-release-osx-x86_64 0.2.0 NOTE
r-oldrel-windows-ix86+x86_64 0.2.0 3.00 109.00 112.00 OK
r-oldrel-osx-x86_64 0.2.0 NOTE

Check Details

Version: 0.2.0
Check: data for non-ASCII characters
Result: NOTE
     Note: found 2 marked UTF-8 strings
Flavors: r-devel-linux-x86_64-fedora-clang, r-devel-linux-x86_64-fedora-gcc, r-patched-solaris-x86, r-release-osx-x86_64, r-oldrel-osx-x86_64