CRAN Package Check Results for Package metaMix

Last updated on 2018-10-19 01:46:29 CEST.

Flavor Version Tinstall Tcheck Ttotal Status Flags
r-devel-linux-x86_64-debian-clang 0.2 10.24 111.28 121.52 WARN
r-devel-linux-x86_64-debian-gcc 0.2 8.36 87.86 96.22 WARN
r-devel-linux-x86_64-fedora-clang 0.2 146.90 NOTE
r-devel-linux-x86_64-fedora-gcc 0.2 137.57 NOTE
r-devel-windows-ix86+x86_64 0.2 28.00 140.00 168.00 NOTE
r-patched-linux-x86_64 0.2 8.22 92.42 100.64 WARN
r-patched-solaris-x86 0.2 191.60 NOTE
r-release-linux-x86_64 0.2 10.07 94.67 104.74 WARN
r-release-windows-ix86+x86_64 0.2 32.00 173.00 205.00 NOTE
r-release-osx-x86_64 0.2 ERROR
r-oldrel-windows-ix86+x86_64 0.2 16.00 174.00 190.00 NOTE
r-oldrel-osx-x86_64 0.2 ERROR

Check Details

Version: 0.2
Check: dependencies in R code
Result: NOTE
    gimli.1726hfi_wait_for_device: The /dev/hfi1_0 device failed to appear after 15.0 seconds: Connection timed out
Flavor: r-devel-linux-x86_64-debian-clang

Version: 0.2
Check: S3 generic/method consistency
Result: WARN
    gimli.7467hfi_wait_for_device: The /dev/hfi1_0 device failed to appear after 15.0 seconds: Connection timed out
    See section ‘Generic functions and methods’ in the ‘Writing R
    Extensions’ manual.
Flavor: r-devel-linux-x86_64-debian-clang

Version: 0.2
Check: replacement functions
Result: WARN
    gimli.15563hfi_wait_for_device: The /dev/hfi1_0 device failed to appear after 15.0 seconds: Connection timed out
    The argument of a replacement function which corresponds to the right
    hand side must be named ‘value’.
Flavor: r-devel-linux-x86_64-debian-clang

Version: 0.2
Check: foreign function calls
Result: NOTE
    gimli.21495hfi_wait_for_device: The /dev/hfi1_0 device failed to appear after 15.0 seconds: Connection timed out
    See chapter ‘System and foreign language interfaces’ in the ‘Writing R
    Extensions’ manual.
Flavor: r-devel-linux-x86_64-debian-clang

Version: 0.2
Check: R code for possible problems
Result: NOTE
    gimli.11283hfi_wait_for_device: The /dev/hfi1_0 device failed to appear after 15.0 seconds: Connection timed out
    gimli.27111hfi_wait_for_device: The /dev/hfi1_0 device failed to appear after 15.0 seconds: Connection timed out
    bayes.model.aver : bayes.model.aver.wrapped: no visible global function
     definition for ‘pdf’
    bayes.model.aver : bayes.model.aver.wrapped: no visible global function
     definition for ‘dev.off’
    bayes.model.aver : bayes.model.aver.wrapped: no visible global function
     definition for ‘plot’
    bayes.model.aver : bayes.model.aver.wrapped: no visible global function
     definition for ‘write.table’
    bayes.model.aver.explicit: no visible global function definition for
     ‘pdf’
    bayes.model.aver.explicit: no visible global function definition for
     ‘dev.off’
    bayes.model.aver.explicit: no visible global function definition for
     ‘plot’
    bayes.model.aver.explicit: no visible global function definition for
     ‘write.table’
    generative.prob: no visible global function definition for ‘ppois’
    generative.prob: no visible global function definition for ‘quantile’
    generative.prob.nucl: no visible global function definition for ‘ppois’
    generative.prob.nucl: no visible global function definition for
     ‘quantile’
    parallel.temper : parallel.temper.wrapped : singleChain : moveRemove:
     no visible global function definition for ‘quantile’
    parallel.temper : parallel.temper.wrapped : singleChain: no visible
     global function definition for ‘runif’
    parallel.temper : parallel.temper.wrapped : singleChain: no visible
     global function definition for ‘quantile’
    parallel.temper.explicit : singleChain : moveRemove: no visible global
     function definition for ‘quantile’
    parallel.temper.explicit : singleChain: no visible global function
     definition for ‘runif’
    parallel.temper.explicit : singleChain: no visible global function
     definition for ‘quantile’
    parallel.temper.nucl : parallel.temper.nucl.wrapped : singleChain :
     moveRemove: no visible global function definition for ‘quantile’
    parallel.temper.nucl : parallel.temper.nucl.wrapped : singleChain: no
     visible global function definition for ‘runif’
    parallel.temper.nucl : parallel.temper.nucl.wrapped : singleChain: no
     visible global function definition for ‘quantile’
    parallel.temper.nucl.explicit : singleChain : moveRemove: no visible
     global function definition for ‘quantile’
    parallel.temper.nucl.explicit : singleChain: no visible global function
     definition for ‘runif’
    parallel.temper.nucl.explicit : singleChain: no visible global function
     definition for ‘quantile’
    reduce.space : reduce.space.wrapped: no visible global function
     definition for ‘quantile’
    reduce.space.explicit: no visible global function definition for
     ‘quantile’
    Undefined global functions or variables:
     dev.off pdf plot ppois quantile runif write.table
    Consider adding
     importFrom("grDevices", "dev.off", "pdf")
     importFrom("graphics", "plot")
     importFrom("stats", "ppois", "quantile", "runif")
     importFrom("utils", "write.table")
    to your NAMESPACE file.
Flavor: r-devel-linux-x86_64-debian-clang

Version: 0.2
Check: for missing documentation entries
Result: WARN
    gimli.17739hfi_wait_for_device: The /dev/hfi1_0 device failed to appear after 15.0 seconds: Connection timed out
    All user-level objects in a package should have documentation entries.
    See chapter ‘Writing R documentation files’ in the ‘Writing R
    Extensions’ manual.
Flavor: r-devel-linux-x86_64-debian-clang

Version: 0.2
Check: for code/documentation mismatches
Result: WARN
    gimli.24449hfi_wait_for_device: The /dev/hfi1_0 device failed to appear after 15.0 seconds: Connection timed out
    gimli.32618hfi_wait_for_device: The /dev/hfi1_0 device failed to appear after 15.0 seconds: Connection timed out
    gimli.11920hfi_wait_for_device: The /dev/hfi1_0 device failed to appear after 15.0 seconds: Connection timed out
Flavor: r-devel-linux-x86_64-debian-clang

Version: 0.2
Check: Rd \usage sections
Result: NOTE
    gimli.19300hfi_wait_for_device: The /dev/hfi1_0 device failed to appear after 15.0 seconds: Connection timed out
    The \usage entries for S3 methods should use the \method markup and not
    their full name.
    See chapter ‘Writing R documentation files’ in the ‘Writing R
    Extensions’ manual.
Flavor: r-devel-linux-x86_64-debian-clang

Version: 0.2
Check: dependencies in R code
Result: NOTE
    gimli2.12633hfi_wait_for_device: The /dev/hfi1_0 device failed to appear after 15.0 seconds: Connection timed out
Flavor: r-devel-linux-x86_64-debian-gcc

Version: 0.2
Check: S3 generic/method consistency
Result: WARN
    gimli2.19813hfi_wait_for_device: The /dev/hfi1_0 device failed to appear after 15.0 seconds: Connection timed out
    See section ‘Generic functions and methods’ in the ‘Writing R
    Extensions’ manual.
Flavor: r-devel-linux-x86_64-debian-gcc

Version: 0.2
Check: replacement functions
Result: WARN
    gimli2.29435hfi_wait_for_device: The /dev/hfi1_0 device failed to appear after 15.0 seconds: Connection timed out
    The argument of a replacement function which corresponds to the right
    hand side must be named ‘value’.
Flavor: r-devel-linux-x86_64-debian-gcc

Version: 0.2
Check: foreign function calls
Result: NOTE
    gimli2.5030hfi_wait_for_device: The /dev/hfi1_0 device failed to appear after 15.0 seconds: Connection timed out
    See chapter ‘System and foreign language interfaces’ in the ‘Writing R
    Extensions’ manual.
Flavor: r-devel-linux-x86_64-debian-gcc

Version: 0.2
Check: R code for possible problems
Result: NOTE
    gimli2.9288hfi_wait_for_device: The /dev/hfi1_0 device failed to appear after 15.0 seconds: Connection timed out
    gimli2.14254hfi_wait_for_device: The /dev/hfi1_0 device failed to appear after 15.0 seconds: Connection timed out
    bayes.model.aver : bayes.model.aver.wrapped: no visible global function
     definition for ‘pdf’
    bayes.model.aver : bayes.model.aver.wrapped: no visible global function
     definition for ‘dev.off’
    bayes.model.aver : bayes.model.aver.wrapped: no visible global function
     definition for ‘plot’
    bayes.model.aver : bayes.model.aver.wrapped: no visible global function
     definition for ‘write.table’
    bayes.model.aver.explicit: no visible global function definition for
     ‘pdf’
    bayes.model.aver.explicit: no visible global function definition for
     ‘dev.off’
    bayes.model.aver.explicit: no visible global function definition for
     ‘plot’
    bayes.model.aver.explicit: no visible global function definition for
     ‘write.table’
    generative.prob: no visible global function definition for ‘ppois’
    generative.prob: no visible global function definition for ‘quantile’
    generative.prob.nucl: no visible global function definition for ‘ppois’
    generative.prob.nucl: no visible global function definition for
     ‘quantile’
    parallel.temper : parallel.temper.wrapped : singleChain : moveRemove:
     no visible global function definition for ‘quantile’
    parallel.temper : parallel.temper.wrapped : singleChain: no visible
     global function definition for ‘runif’
    parallel.temper : parallel.temper.wrapped : singleChain: no visible
     global function definition for ‘quantile’
    parallel.temper.explicit : singleChain : moveRemove: no visible global
     function definition for ‘quantile’
    parallel.temper.explicit : singleChain: no visible global function
     definition for ‘runif’
    parallel.temper.explicit : singleChain: no visible global function
     definition for ‘quantile’
    parallel.temper.nucl : parallel.temper.nucl.wrapped : singleChain :
     moveRemove: no visible global function definition for ‘quantile’
    parallel.temper.nucl : parallel.temper.nucl.wrapped : singleChain: no
     visible global function definition for ‘runif’
    parallel.temper.nucl : parallel.temper.nucl.wrapped : singleChain: no
     visible global function definition for ‘quantile’
    parallel.temper.nucl.explicit : singleChain : moveRemove: no visible
     global function definition for ‘quantile’
    parallel.temper.nucl.explicit : singleChain: no visible global function
     definition for ‘runif’
    parallel.temper.nucl.explicit : singleChain: no visible global function
     definition for ‘quantile’
    reduce.space : reduce.space.wrapped: no visible global function
     definition for ‘quantile’
    reduce.space.explicit: no visible global function definition for
     ‘quantile’
    Undefined global functions or variables:
     dev.off pdf plot ppois quantile runif write.table
    Consider adding
     importFrom("grDevices", "dev.off", "pdf")
     importFrom("graphics", "plot")
     importFrom("stats", "ppois", "quantile", "runif")
     importFrom("utils", "write.table")
    to your NAMESPACE file.
Flavor: r-devel-linux-x86_64-debian-gcc

Version: 0.2
Check: for missing documentation entries
Result: WARN
    gimli2.22583hfi_wait_for_device: The /dev/hfi1_0 device failed to appear after 15.0 seconds: Connection timed out
    All user-level objects in a package should have documentation entries.
    See chapter ‘Writing R documentation files’ in the ‘Writing R
    Extensions’ manual.
Flavor: r-devel-linux-x86_64-debian-gcc

Version: 0.2
Check: for code/documentation mismatches
Result: WARN
    gimli2.30792hfi_wait_for_device: The /dev/hfi1_0 device failed to appear after 15.0 seconds: Connection timed out
    gimli2.10684hfi_wait_for_device: The /dev/hfi1_0 device failed to appear after 15.0 seconds: Connection timed out
    gimli2.21056hfi_wait_for_device: The /dev/hfi1_0 device failed to appear after 15.0 seconds: Connection timed out
Flavor: r-devel-linux-x86_64-debian-gcc

Version: 0.2
Check: Rd \usage sections
Result: NOTE
    gimli2.1660hfi_wait_for_device: The /dev/hfi1_0 device failed to appear after 15.0 seconds: Connection timed out
    The \usage entries for S3 methods should use the \method markup and not
    their full name.
    See chapter ‘Writing R documentation files’ in the ‘Writing R
    Extensions’ manual.
Flavor: r-devel-linux-x86_64-debian-gcc

Version: 0.2
Check: R code for possible problems
Result: NOTE
    bayes.model.aver : bayes.model.aver.wrapped: no visible global function
     definition for ‘pdf’
    bayes.model.aver : bayes.model.aver.wrapped: no visible global function
     definition for ‘dev.off’
    bayes.model.aver : bayes.model.aver.wrapped: no visible global function
     definition for ‘plot’
    bayes.model.aver : bayes.model.aver.wrapped: no visible global function
     definition for ‘write.table’
    bayes.model.aver.explicit: no visible global function definition for
     ‘pdf’
    bayes.model.aver.explicit: no visible global function definition for
     ‘dev.off’
    bayes.model.aver.explicit: no visible global function definition for
     ‘plot’
    bayes.model.aver.explicit: no visible global function definition for
     ‘write.table’
    generative.prob: no visible global function definition for ‘ppois’
    generative.prob: no visible global function definition for ‘quantile’
    generative.prob.nucl: no visible global function definition for ‘ppois’
    generative.prob.nucl: no visible global function definition for
     ‘quantile’
    parallel.temper : parallel.temper.wrapped : singleChain : moveRemove:
     no visible global function definition for ‘quantile’
    parallel.temper : parallel.temper.wrapped : singleChain: no visible
     global function definition for ‘runif’
    parallel.temper : parallel.temper.wrapped : singleChain: no visible
     global function definition for ‘quantile’
    parallel.temper.explicit : singleChain : moveRemove: no visible global
     function definition for ‘quantile’
    parallel.temper.explicit : singleChain: no visible global function
     definition for ‘runif’
    parallel.temper.explicit : singleChain: no visible global function
     definition for ‘quantile’
    parallel.temper.nucl : parallel.temper.nucl.wrapped : singleChain :
     moveRemove: no visible global function definition for ‘quantile’
    parallel.temper.nucl : parallel.temper.nucl.wrapped : singleChain: no
     visible global function definition for ‘runif’
    parallel.temper.nucl : parallel.temper.nucl.wrapped : singleChain: no
     visible global function definition for ‘quantile’
    parallel.temper.nucl.explicit : singleChain : moveRemove: no visible
     global function definition for ‘quantile’
    parallel.temper.nucl.explicit : singleChain: no visible global function
     definition for ‘runif’
    parallel.temper.nucl.explicit : singleChain: no visible global function
     definition for ‘quantile’
    reduce.space : reduce.space.wrapped: no visible global function
     definition for ‘quantile’
    reduce.space.explicit: no visible global function definition for
     ‘quantile’
    Undefined global functions or variables:
     dev.off pdf plot ppois quantile runif write.table
    Consider adding
     importFrom("grDevices", "dev.off", "pdf")
     importFrom("graphics", "plot")
     importFrom("stats", "ppois", "quantile", "runif")
     importFrom("utils", "write.table")
    to your NAMESPACE file.
Flavors: r-devel-linux-x86_64-fedora-clang, r-devel-linux-x86_64-fedora-gcc, r-devel-windows-ix86+x86_64, r-patched-solaris-x86, r-release-windows-ix86+x86_64, r-oldrel-windows-ix86+x86_64

Version: 0.2
Check: compiled code
Result: NOTE
    File ‘metaMix/libs/metaMix.so’:
     Found no calls to: ‘R_registerRoutines’, ‘R_useDynamicSymbols’
    
    It is good practice to register native routines and to disable symbol
    search.
    
    See ‘Writing portable packages’ in the ‘Writing R Extensions’ manual.
Flavors: r-devel-linux-x86_64-fedora-clang, r-devel-linux-x86_64-fedora-gcc

Version: 0.2
Check: dependencies in R code
Result: NOTE
    gimli.24602hfi_wait_for_device: The /dev/hfi1_0 device failed to appear after 15.0 seconds: Connection timed out
Flavor: r-patched-linux-x86_64

Version: 0.2
Check: S3 generic/method consistency
Result: WARN
    gimli.30673hfi_wait_for_device: The /dev/hfi1_0 device failed to appear after 15.0 seconds: Connection timed out
    See section ‘Generic functions and methods’ in the ‘Writing R
    Extensions’ manual.
Flavor: r-patched-linux-x86_64

Version: 0.2
Check: replacement functions
Result: WARN
    gimli.3917hfi_wait_for_device: The /dev/hfi1_0 device failed to appear after 15.0 seconds: Connection timed out
    The argument of a replacement function which corresponds to the right
    hand side must be named ‘value’.
Flavor: r-patched-linux-x86_64

Version: 0.2
Check: foreign function calls
Result: NOTE
    gimli.10937hfi_wait_for_device: The /dev/hfi1_0 device failed to appear after 15.0 seconds: Connection timed out
    See chapter ‘System and foreign language interfaces’ in the ‘Writing R
    Extensions’ manual.
Flavor: r-patched-linux-x86_64

Version: 0.2
Check: R code for possible problems
Result: NOTE
    gimli.29858hfi_wait_for_device: The /dev/hfi1_0 device failed to appear after 15.0 seconds: Connection timed out
    gimli.15376hfi_wait_for_device: The /dev/hfi1_0 device failed to appear after 15.0 seconds: Connection timed out
    bayes.model.aver : bayes.model.aver.wrapped: no visible global function
     definition for ‘pdf’
    bayes.model.aver : bayes.model.aver.wrapped: no visible global function
     definition for ‘dev.off’
    bayes.model.aver : bayes.model.aver.wrapped: no visible global function
     definition for ‘plot’
    bayes.model.aver : bayes.model.aver.wrapped: no visible global function
     definition for ‘write.table’
    bayes.model.aver.explicit: no visible global function definition for
     ‘pdf’
    bayes.model.aver.explicit: no visible global function definition for
     ‘dev.off’
    bayes.model.aver.explicit: no visible global function definition for
     ‘plot’
    bayes.model.aver.explicit: no visible global function definition for
     ‘write.table’
    generative.prob: no visible global function definition for ‘ppois’
    generative.prob: no visible global function definition for ‘quantile’
    generative.prob.nucl: no visible global function definition for ‘ppois’
    generative.prob.nucl: no visible global function definition for
     ‘quantile’
    parallel.temper : parallel.temper.wrapped : singleChain : moveRemove:
     no visible global function definition for ‘quantile’
    parallel.temper : parallel.temper.wrapped : singleChain: no visible
     global function definition for ‘runif’
    parallel.temper : parallel.temper.wrapped : singleChain: no visible
     global function definition for ‘quantile’
    parallel.temper.explicit : singleChain : moveRemove: no visible global
     function definition for ‘quantile’
    parallel.temper.explicit : singleChain: no visible global function
     definition for ‘runif’
    parallel.temper.explicit : singleChain: no visible global function
     definition for ‘quantile’
    parallel.temper.nucl : parallel.temper.nucl.wrapped : singleChain :
     moveRemove: no visible global function definition for ‘quantile’
    parallel.temper.nucl : parallel.temper.nucl.wrapped : singleChain: no
     visible global function definition for ‘runif’
    parallel.temper.nucl : parallel.temper.nucl.wrapped : singleChain: no
     visible global function definition for ‘quantile’
    parallel.temper.nucl.explicit : singleChain : moveRemove: no visible
     global function definition for ‘quantile’
    parallel.temper.nucl.explicit : singleChain: no visible global function
     definition for ‘runif’
    parallel.temper.nucl.explicit : singleChain: no visible global function
     definition for ‘quantile’
    reduce.space : reduce.space.wrapped: no visible global function
     definition for ‘quantile’
    reduce.space.explicit: no visible global function definition for
     ‘quantile’
    Undefined global functions or variables:
     dev.off pdf plot ppois quantile runif write.table
    Consider adding
     importFrom("grDevices", "dev.off", "pdf")
     importFrom("graphics", "plot")
     importFrom("stats", "ppois", "quantile", "runif")
     importFrom("utils", "write.table")
    to your NAMESPACE file.
Flavor: r-patched-linux-x86_64

Version: 0.2
Check: for missing documentation entries
Result: WARN
    gimli.3672hfi_wait_for_device: The /dev/hfi1_0 device failed to appear after 15.0 seconds: Connection timed out
    All user-level objects in a package should have documentation entries.
    See chapter ‘Writing R documentation files’ in the ‘Writing R
    Extensions’ manual.
Flavor: r-patched-linux-x86_64

Version: 0.2
Check: for code/documentation mismatches
Result: WARN
    gimli.12046hfi_wait_for_device: The /dev/hfi1_0 device failed to appear after 15.0 seconds: Connection timed out
    gimli.20863hfi_wait_for_device: The /dev/hfi1_0 device failed to appear after 15.0 seconds: Connection timed out
    gimli.31323hfi_wait_for_device: The /dev/hfi1_0 device failed to appear after 15.0 seconds: Connection timed out
Flavor: r-patched-linux-x86_64

Version: 0.2
Check: Rd \usage sections
Result: NOTE
    gimli.8309hfi_wait_for_device: The /dev/hfi1_0 device failed to appear after 15.0 seconds: Connection timed out
    The \usage entries for S3 methods should use the \method markup and not
    their full name.
    See chapter ‘Writing R documentation files’ in the ‘Writing R
    Extensions’ manual.
Flavor: r-patched-linux-x86_64

Version: 0.2
Check: dependencies in R code
Result: NOTE
    gimli.29069hfi_wait_for_device: The /dev/hfi1_0 device failed to appear after 15.0 seconds: Connection timed out
Flavor: r-release-linux-x86_64

Version: 0.2
Check: S3 generic/method consistency
Result: WARN
    gimli.2502hfi_wait_for_device: The /dev/hfi1_0 device failed to appear after 15.0 seconds: Connection timed out
    See section ‘Generic functions and methods’ in the ‘Writing R
    Extensions’ manual.
Flavor: r-release-linux-x86_64

Version: 0.2
Check: replacement functions
Result: WARN
    gimli.8310hfi_wait_for_device: The /dev/hfi1_0 device failed to appear after 15.0 seconds: Connection timed out
    The argument of a replacement function which corresponds to the right
    hand side must be named ‘value’.
Flavor: r-release-linux-x86_64

Version: 0.2
Check: foreign function calls
Result: NOTE
    gimli.15045hfi_wait_for_device: The /dev/hfi1_0 device failed to appear after 15.0 seconds: Connection timed out
    See chapter ‘System and foreign language interfaces’ in the ‘Writing R
    Extensions’ manual.
Flavor: r-release-linux-x86_64

Version: 0.2
Check: R code for possible problems
Result: NOTE
    gimli.2265hfi_wait_for_device: The /dev/hfi1_0 device failed to appear after 15.0 seconds: Connection timed out
    gimli.19712hfi_wait_for_device: The /dev/hfi1_0 device failed to appear after 15.0 seconds: Connection timed out
    bayes.model.aver : bayes.model.aver.wrapped: no visible global function
     definition for ‘pdf’
    bayes.model.aver : bayes.model.aver.wrapped: no visible global function
     definition for ‘dev.off’
    bayes.model.aver : bayes.model.aver.wrapped: no visible global function
     definition for ‘plot’
    bayes.model.aver : bayes.model.aver.wrapped: no visible global function
     definition for ‘write.table’
    bayes.model.aver.explicit: no visible global function definition for
     ‘pdf’
    bayes.model.aver.explicit: no visible global function definition for
     ‘dev.off’
    bayes.model.aver.explicit: no visible global function definition for
     ‘plot’
    bayes.model.aver.explicit: no visible global function definition for
     ‘write.table’
    generative.prob: no visible global function definition for ‘ppois’
    generative.prob: no visible global function definition for ‘quantile’
    generative.prob.nucl: no visible global function definition for ‘ppois’
    generative.prob.nucl: no visible global function definition for
     ‘quantile’
    parallel.temper : parallel.temper.wrapped : singleChain : moveRemove:
     no visible global function definition for ‘quantile’
    parallel.temper : parallel.temper.wrapped : singleChain: no visible
     global function definition for ‘runif’
    parallel.temper : parallel.temper.wrapped : singleChain: no visible
     global function definition for ‘quantile’
    parallel.temper.explicit : singleChain : moveRemove: no visible global
     function definition for ‘quantile’
    parallel.temper.explicit : singleChain: no visible global function
     definition for ‘runif’
    parallel.temper.explicit : singleChain: no visible global function
     definition for ‘quantile’
    parallel.temper.nucl : parallel.temper.nucl.wrapped : singleChain :
     moveRemove: no visible global function definition for ‘quantile’
    parallel.temper.nucl : parallel.temper.nucl.wrapped : singleChain: no
     visible global function definition for ‘runif’
    parallel.temper.nucl : parallel.temper.nucl.wrapped : singleChain: no
     visible global function definition for ‘quantile’
    parallel.temper.nucl.explicit : singleChain : moveRemove: no visible
     global function definition for ‘quantile’
    parallel.temper.nucl.explicit : singleChain: no visible global function
     definition for ‘runif’
    parallel.temper.nucl.explicit : singleChain: no visible global function
     definition for ‘quantile’
    reduce.space : reduce.space.wrapped: no visible global function
     definition for ‘quantile’
    reduce.space.explicit: no visible global function definition for
     ‘quantile’
    Undefined global functions or variables:
     dev.off pdf plot ppois quantile runif write.table
    Consider adding
     importFrom("grDevices", "dev.off", "pdf")
     importFrom("graphics", "plot")
     importFrom("stats", "ppois", "quantile", "runif")
     importFrom("utils", "write.table")
    to your NAMESPACE file.
Flavor: r-release-linux-x86_64

Version: 0.2
Check: for missing documentation entries
Result: WARN
    gimli.8124hfi_wait_for_device: The /dev/hfi1_0 device failed to appear after 15.0 seconds: Connection timed out
    All user-level objects in a package should have documentation entries.
    See chapter ‘Writing R documentation files’ in the ‘Writing R
    Extensions’ manual.
Flavor: r-release-linux-x86_64

Version: 0.2
Check: for code/documentation mismatches
Result: WARN
    gimli.16124hfi_wait_for_device: The /dev/hfi1_0 device failed to appear after 15.0 seconds: Connection timed out
    gimli.25074hfi_wait_for_device: The /dev/hfi1_0 device failed to appear after 15.0 seconds: Connection timed out
    gimli.1955hfi_wait_for_device: The /dev/hfi1_0 device failed to appear after 15.0 seconds: Connection timed out
Flavor: r-release-linux-x86_64

Version: 0.2
Check: Rd \usage sections
Result: NOTE
    gimli.12101hfi_wait_for_device: The /dev/hfi1_0 device failed to appear after 15.0 seconds: Connection timed out
    The \usage entries for S3 methods should use the \method markup and not
    their full name.
    See chapter ‘Writing R documentation files’ in the ‘Writing R
    Extensions’ manual.
Flavor: r-release-linux-x86_64

Version: 0.2
Check: package dependencies
Result: ERROR
    Package required but not available: ‘Rmpi’
    
    See section ‘The DESCRIPTION file’ in the ‘Writing R Extensions’
    manual.
Flavors: r-release-osx-x86_64, r-oldrel-osx-x86_64