CRAN Package Check Results for Package metacoder

Last updated on 2018-10-19 01:46:29 CEST.

Flavor Version Tinstall Tcheck Ttotal Status Flags
r-devel-linux-x86_64-debian-clang 0.3.0 0.59 2.17 2.76 ERROR
r-devel-linux-x86_64-debian-gcc 0.3.0 22.56 92.64 115.20 OK
r-devel-linux-x86_64-fedora-clang 0.3.0 179.68 NOTE
r-devel-linux-x86_64-fedora-gcc 0.3.0 171.44 NOTE
r-devel-windows-ix86+x86_64 0.3.0 56.00 259.00 315.00 OK
r-patched-linux-x86_64 0.3.0 22.71 112.95 135.66 OK
r-release-linux-x86_64 0.3.0 26.69 111.22 137.91 OK
r-release-windows-ix86+x86_64 0.3.0 64.00 248.00 312.00 OK
r-release-osx-x86_64 0.3.0 NOTE
r-oldrel-windows-ix86+x86_64 0.3.0 41.00 266.00 307.00 OK
r-oldrel-osx-x86_64 0.3.0 NOTE

Check Details

Version: 0.3.0
Check: package dependencies
Result: ERROR
    Packages required but not available: 'biomformat', 'phyloseq'
    
    See section ‘The DESCRIPTION file’ in the ‘Writing R Extensions’
    manual.
Flavor: r-devel-linux-x86_64-debian-clang

Version: 0.3.0
Check: dependencies in R code
Result: NOTE
    Namespaces in Imports field not imported from:
     ‘ggrepel’ ‘reshape’ ‘svglite’
     All declared Imports should be used.
Flavors: r-devel-linux-x86_64-fedora-clang, r-devel-linux-x86_64-fedora-gcc, r-release-osx-x86_64, r-oldrel-osx-x86_64