CRAN Package Check Results for Package mgwrsar

Last updated on 2018-10-19 01:46:29 CEST.

Flavor Version Tinstall Tcheck Ttotal Status Flags
r-devel-linux-x86_64-debian-clang 0.1 55.79 635.47 691.26 OK
r-devel-linux-x86_64-debian-gcc 0.1 51.76 475.10 526.86 OK
r-devel-linux-x86_64-fedora-clang 0.1 830.37 NOTE
r-devel-linux-x86_64-fedora-gcc 0.1 821.02 OK
r-devel-windows-ix86+x86_64 0.1 107.00 613.00 720.00 OK
r-patched-linux-x86_64 0.1 47.26 610.36 657.62 OK
r-patched-solaris-x86 0.1 212.40 WARN
r-release-linux-x86_64 0.1 42.76 600.72 643.48 OK
r-release-windows-ix86+x86_64 0.1 110.00 816.00 926.00 OK
r-release-osx-x86_64 0.1 WARN
r-oldrel-windows-ix86+x86_64 0.1 79.00 1013.00 1092.00 OK
r-oldrel-osx-x86_64 0.1 WARN

Check Details

Version: 0.1
Check: installed package size
Result: NOTE
     installed size is 21.5Mb
     sub-directories of 1Mb or more:
     doc 1.1Mb
     libs 20.0Mb
Flavors: r-devel-linux-x86_64-fedora-clang, r-release-osx-x86_64, r-oldrel-osx-x86_64

Version: 0.1
Check: re-building of vignette outputs
Result: WARN
    Error in re-building vignettes:
     ...
    Warning in engine$weave(file, quiet = quiet, encoding = enc) :
     Pandoc (>= 1.12.3) and/or pandoc-citeproc not available. Falling back to R Markdown v1.
    Quitting from lines 91-94 (mgwrsar-basic_examples.Rmd)
    Error: processing vignette 'mgwrsar-basic_examples.Rmd' failed with diagnostics:
    there is no package called 'webshot'
    Execution halted
Flavor: r-patched-solaris-x86

Version: 0.1
Check: re-building of vignette outputs
Result: WARN
    Error in re-building vignettes:
     ...
    Warning in engine$weave(file, quiet = quiet, encoding = enc) :
     Pandoc (>= 1.12.3) and/or pandoc-citeproc not available. Falling back to R Markdown v1.
    Quitting from lines 91-94 (mgwrsar-basic_examples.Rmd)
    Error: processing vignette 'mgwrsar-basic_examples.Rmd' failed with diagnostics:
    cannot open the connection
    Execution halted
Flavors: r-release-osx-x86_64, r-oldrel-osx-x86_64