Last updated on 2018-10-19 01:46:30 CEST.
Flavor | Version | Tinstall | Tcheck | Ttotal | Status | Flags |
---|---|---|---|---|---|---|
r-devel-linux-x86_64-debian-clang | 0.3.0 | 5.10 | 79.05 | 84.15 | OK | |
r-devel-linux-x86_64-debian-gcc | 0.3.0 | 3.16 | 59.95 | 63.11 | OK | |
r-devel-linux-x86_64-fedora-clang | 0.3.0 | 99.34 | NOTE | |||
r-devel-linux-x86_64-fedora-gcc | 0.3.0 | 98.46 | NOTE | |||
r-devel-windows-ix86+x86_64 | 0.3.0 | 14.00 | 126.00 | 140.00 | OK | |
r-patched-linux-x86_64 | 0.3.0 | 4.70 | 68.49 | 73.19 | OK | |
r-patched-solaris-x86 | 0.3.0 | 136.20 | NOTE | |||
r-release-linux-x86_64 | 0.3.0 | 4.89 | 71.11 | 76.00 | OK | |
r-release-windows-ix86+x86_64 | 0.3.0 | 19.00 | 110.00 | 129.00 | OK | |
r-release-osx-x86_64 | 0.3.0 | NOTE | ||||
r-oldrel-windows-ix86+x86_64 | 0.3.0 | 9.00 | 137.00 | 146.00 | OK | |
r-oldrel-osx-x86_64 | 0.3.0 | NOTE |
Version: 0.3.0
Check: dependencies in R code
Result: NOTE
Namespaces in Imports field not imported from:
‘MASS’ ‘caret’ ‘ggformula’ ‘knitr’ ‘testthat’ ‘tidyverse’
All declared Imports should be used.
Flavors: r-devel-linux-x86_64-fedora-clang, r-devel-linux-x86_64-fedora-gcc, r-patched-solaris-x86, r-release-osx-x86_64, r-oldrel-osx-x86_64