CRAN Package Check Results for Package moveVis

Last updated on 2018-10-19 01:46:30 CEST.

Flavor Version Tinstall Tcheck Ttotal Status Flags
r-devel-linux-x86_64-debian-clang 0.9.8 13.57 239.61 253.18 OK --no-tests
r-devel-linux-x86_64-debian-gcc 0.9.8 11.37 189.06 200.43 OK --no-tests
r-devel-linux-x86_64-fedora-clang 0.9.8 295.89 OK --no-tests
r-devel-linux-x86_64-fedora-gcc 0.9.8 295.11 OK --no-tests
r-devel-windows-ix86+x86_64 0.9.8 51.00 487.00 538.00 ERROR
r-patched-linux-x86_64 0.9.8 10.26 189.47 199.73 OK --no-tests
r-patched-solaris-x86 0.9.8 386.60 OK --no-tests
r-release-linux-x86_64 0.9.8 10.03 194.88 204.91 OK --no-tests
r-release-windows-ix86+x86_64 0.9.8 34.00 396.00 430.00 ERROR
r-release-osx-x86_64 0.9.8 OK
r-oldrel-windows-ix86+x86_64 0.9.8 34.00 388.00 422.00 ERROR
r-oldrel-osx-x86_64 0.9.8 OK

Check Details

Version: 0.9.8
Check: tests
Result: ERROR
     Running 'testthat.R' [98s]
    Running the tests in 'tests/testthat.R' failed.
    Complete output:
     > library(testthat)
     > library(moveVis)
     >
     > Sys.setenv("R_TESTS" = "") ## needed to pass R CMD check: https://github.com/hadley/testthat/issues/144
     >
     > test_check("moveVis")
     Der Befehl "avconv" ist entweder falsch geschrieben oder
     konnte nicht gefunden werden.
     ffmpeg version N-34549-g13b7781, Copyright (c) 2000-2011 the FFmpeg developers
     built on Nov 6 2011 22:02:08 with gcc 4.6.1
     configuration: --enable-gpl --enable-version3 --disable-w32threads --enable-runtime-cpudetect --enable-avisynth --enable-bzlib --enable-frei0r --enable-libopencore-amrnb --enable-libopencore-amrwb --enable-libfreetype --enable-libgsm --enable-libmp3lame --enable-libopenjpeg --enable-librtmp --enable-libschroedinger --enable-libspeex --enable-libtheora --enable-libvo-aacenc --enable-libvo-amrwbenc --enable-libvorbis --enable-libvpx --enable-libx264 --enable-libxavs --enable-libxvid --enable-zlib
     libavutil 51. 24. 0 / 51. 24. 0
     libavcodec 53. 28. 0 / 53. 28. 0
     libavformat 53. 19. 0 / 53. 19. 0
     libavdevice 53. 4. 0 / 53. 4. 0
     libavfilter 2. 47. 0 / 2. 47. 0
     libswscale 2. 1. 0 / 2. 1. 0
     libpostproc 51. 2. 0 / 51. 2. 0
     Error in download.file(gurl, filename, mode = "wb", quiet = TRUE) :
     cannot open URL 'http://maps.googleapis.com/maps/api/staticmap?center=47.7510831325931,8.92962154577853&zoom=16&size=500x500&maptype=satellite&format=gif&sensor=false&scale=1'
     Error in download.file(gurl, filename, mode = "wb", quiet = TRUE) :
     cannot open URL 'http://maps.googleapis.com/maps/api/staticmap?center=47.7510831325931,8.92962154577853&zoom=16&size=500x500&maptype=satellite&format=gif&sensor=false&scale=1'
     Error in download.file(gurl, filename, mode = "wb", quiet = TRUE) :
     cannot open URL 'http://maps.googleapis.com/maps/api/staticmap?center=47.7510831325931,8.92962154577853&zoom=16&size=500x500&maptype=satellite&format=gif&sensor=false&scale=1'
     Error in download.file(gurl, filename, mode = "wb", quiet = TRUE) :
     cannot open URL 'http://maps.googleapis.com/maps/api/staticmap?center=47.7510831325931,8.92962154577853&zoom=16&size=500x500&maptype=satellite&format=gif&sensor=false&scale=1'
     -- 1. Error: animate_move GIF (@test-animate_move.R#4) ------------------------
     Download from Google failed. Please check your internet connection.
     1: expect_null(animate_move(vars.global$m, vars.global$out_dir, vars.global$conv_dir,
     tail_elements = 10, paths_mode = "true_data", frames_nmax = 20, log_level = 3,
     extent_factor = 2e-04, out_format = "gif")) at testthat/test-animate_move.R:4
     2: quasi_label(enquo(object), label)
     3: eval_bare(get_expr(quo), get_env(quo))
     4: animate_move(vars.global$m, vars.global$out_dir, vars.global$conv_dir, tail_elements = 10,
     paths_mode = "true_data", frames_nmax = 20, log_level = 3, extent_factor = 2e-04,
     out_format = "gif")
     5: out("Download from Google failed. Please check your internet connection.", type = 3)
     6: stop(input, call. = FALSE)
    
     Error in download.file(gurl, filename, mode = "wb", quiet = TRUE) :
     cannot open URL 'http://maps.googleapis.com/maps/api/staticmap?center=47.7510831325931,8.92962154577853&zoom=16&size=500x500&maptype=satellite&format=gif&sensor=false&scale=1'
     Error in download.file(gurl, filename, mode = "wb", quiet = TRUE) :
     cannot open URL 'http://maps.googleapis.com/maps/api/staticmap?center=47.7510831325931,8.92962154577853&zoom=16&size=500x500&maptype=satellite&format=gif&sensor=false&scale=1'
     Error in download.file(gurl, filename, mode = "wb", quiet = TRUE) :
     cannot open URL 'http://maps.googleapis.com/maps/api/staticmap?center=47.7510831325931,8.92962154577853&zoom=16&size=500x500&maptype=satellite&format=gif&sensor=false&scale=1'
     Error in download.file(gurl, filename, mode = "wb", quiet = TRUE) :
     cannot open URL 'http://maps.googleapis.com/maps/api/staticmap?center=47.7510831325931,8.92962154577853&zoom=16&size=500x500&maptype=satellite&format=gif&sensor=false&scale=1'
     -- 2. Error: animate_move MOV (@test-animate_move.R#14) -----------------------
     Download from Google failed. Please check your internet connection.
     1: expect_null(animate_move(vars.global$m, vars.global$out_dir, vars.global$conv_dir,
     tail_elements = 10, paths_mode = "true_data", frames_nmax = 20, log_level = 3,
     extent_factor = 2e-04, out_format = "mov")) at testthat/test-animate_move.R:14
     2: quasi_label(enquo(object), label)
     3: eval_bare(get_expr(quo), get_env(quo))
     4: animate_move(vars.global$m, vars.global$out_dir, vars.global$conv_dir, tail_elements = 10,
     paths_mode = "true_data", frames_nmax = 20, log_level = 3, extent_factor = 2e-04,
     out_format = "mov")
     5: out("Download from Google failed. Please check your internet connection.", type = 3)
     6: stop(input, call. = FALSE)
    
     == testthat results ===========================================================
     OK: 16 SKIPPED: 1 FAILED: 2
     1. Error: animate_move GIF (@test-animate_move.R#4)
     2. Error: animate_move MOV (@test-animate_move.R#14)
    
     Error: testthat unit tests failed
     Execution halted
Flavor: r-devel-windows-ix86+x86_64

Version: 0.9.8
Check: tests
Result: ERROR
     Running 'testthat.R' [140s]
    Running the tests in 'tests/testthat.R' failed.
    Complete output:
     > library(testthat)
     > library(moveVis)
     >
     > Sys.setenv("R_TESTS" = "") ## needed to pass R CMD check: https://github.com/hadley/testthat/issues/144
     >
     > test_check("moveVis")
     Der Befehl "avconv" ist entweder falsch geschrieben oder
     konnte nicht gefunden werden.
     ffmpeg version N-34549-g13b7781, Copyright (c) 2000-2011 the FFmpeg developers
     built on Nov 6 2011 22:02:08 with gcc 4.6.1
     configuration: --enable-gpl --enable-version3 --disable-w32threads --enable-runtime-cpudetect --enable-avisynth --enable-bzlib --enable-frei0r --enable-libopencore-amrnb --enable-libopencore-amrwb --enable-libfreetype --enable-libgsm --enable-libmp3lame --enable-libopenjpeg --enable-librtmp --enable-libschroedinger --enable-libspeex --enable-libtheora --enable-libvo-aacenc --enable-libvo-amrwbenc --enable-libvorbis --enable-libvpx --enable-libx264 --enable-libxavs --enable-libxvid --enable-zlib
     libavutil 51. 24. 0 / 51. 24. 0
     libavcodec 53. 28. 0 / 53. 28. 0
     libavformat 53. 19. 0 / 53. 19. 0
     libavdevice 53. 4. 0 / 53. 4. 0
     libavfilter 2. 47. 0 / 2. 47. 0
     libswscale 2. 1. 0 / 2. 1. 0
     libpostproc 51. 2. 0 / 51. 2. 0
     Error in download.file(gurl, filename, mode = "wb", quiet = TRUE) :
     cannot open URL 'http://maps.googleapis.com/maps/api/staticmap?center=47.7510831325931,8.92962154577853&zoom=16&size=500x500&maptype=satellite&format=gif&sensor=false&scale=1'
     Error in download.file(gurl, filename, mode = "wb", quiet = TRUE) :
     cannot open URL 'http://maps.googleapis.com/maps/api/staticmap?center=47.7510831325931,8.92962154577853&zoom=16&size=500x500&maptype=satellite&format=gif&sensor=false&scale=1'
     Error in download.file(gurl, filename, mode = "wb", quiet = TRUE) :
     cannot open URL 'http://maps.googleapis.com/maps/api/staticmap?center=47.7510831325931,8.92962154577853&zoom=16&size=500x500&maptype=satellite&format=gif&sensor=false&scale=1'
     Error in download.file(gurl, filename, mode = "wb", quiet = TRUE) :
     cannot open URL 'http://maps.googleapis.com/maps/api/staticmap?center=47.7510831325931,8.92962154577853&zoom=16&size=500x500&maptype=satellite&format=gif&sensor=false&scale=1'
     -- 1. Error: animate_move GIF (@test-animate_move.R#4) ------------------------
     Download from Google failed. Please check your internet connection.
     1: expect_null(animate_move(vars.global$m, vars.global$out_dir, vars.global$conv_dir,
     tail_elements = 10, paths_mode = "true_data", frames_nmax = 20, log_level = 3,
     extent_factor = 2e-04, out_format = "gif")) at testthat/test-animate_move.R:4
     2: quasi_label(enquo(object), label)
     3: eval_bare(get_expr(quo), get_env(quo))
     4: animate_move(vars.global$m, vars.global$out_dir, vars.global$conv_dir, tail_elements = 10,
     paths_mode = "true_data", frames_nmax = 20, log_level = 3, extent_factor = 2e-04,
     out_format = "gif")
     5: out("Download from Google failed. Please check your internet connection.", type = 3)
     6: stop(input, call. = FALSE)
    
     Error in download.file(gurl, filename, mode = "wb", quiet = TRUE) :
     cannot open URL 'http://maps.googleapis.com/maps/api/staticmap?center=47.7510831325931,8.92962154577853&zoom=16&size=500x500&maptype=satellite&format=gif&sensor=false&scale=1'
     Error in download.file(gurl, filename, mode = "wb", quiet = TRUE) :
     cannot open URL 'http://maps.googleapis.com/maps/api/staticmap?center=47.7510831325931,8.92962154577853&zoom=16&size=500x500&maptype=satellite&format=gif&sensor=false&scale=1'
     Error in download.file(gurl, filename, mode = "wb", quiet = TRUE) :
     cannot open URL 'http://maps.googleapis.com/maps/api/staticmap?center=47.7510831325931,8.92962154577853&zoom=16&size=500x500&maptype=satellite&format=gif&sensor=false&scale=1'
     == testthat results ===========================================================
     OK: 24 SKIPPED: 1 FAILED: 1
     1. Error: animate_move GIF (@test-animate_move.R#4)
    
     Error: testthat unit tests failed
     Execution halted
Flavor: r-release-windows-ix86+x86_64

Version: 0.9.8
Check: tests
Result: ERROR
     Running 'testthat.R' [115s]
    Running the tests in 'tests/testthat.R' failed.
    Complete output:
     > library(testthat)
     > library(moveVis)
     >
     > Sys.setenv("R_TESTS" = "") ## needed to pass R CMD check: https://github.com/hadley/testthat/issues/144
     >
     > test_check("moveVis")
     Der Befehl "avconv" ist entweder falsch geschrieben oder
     konnte nicht gefunden werden.
     ffmpeg version N-34549-g13b7781, Copyright (c) 2000-2011 the FFmpeg developers
     built on Nov 6 2011 22:02:08 with gcc 4.6.1
     configuration: --enable-gpl --enable-version3 --disable-w32threads --enable-runtime-cpudetect --enable-avisynth --enable-bzlib --enable-frei0r --enable-libopencore-amrnb --enable-libopencore-amrwb --enable-libfreetype --enable-libgsm --enable-libmp3lame --enable-libopenjpeg --enable-librtmp --enable-libschroedinger --enable-libspeex --enable-libtheora --enable-libvo-aacenc --enable-libvo-amrwbenc --enable-libvorbis --enable-libvpx --enable-libx264 --enable-libxavs --enable-libxvid --enable-zlib
     libavutil 51. 24. 0 / 51. 24. 0
     libavcodec 53. 28. 0 / 53. 28. 0
     libavformat 53. 19. 0 / 53. 19. 0
     libavdevice 53. 4. 0 / 53. 4. 0
     libavfilter 2. 47. 0 / 2. 47. 0
     libswscale 2. 1. 0 / 2. 1. 0
     libpostproc 51. 2. 0 / 51. 2. 0
     Error in download.file(gurl, filename, mode = "wb", quiet = TRUE) :
     cannot open URL 'http://maps.googleapis.com/maps/api/staticmap?center=47.7510831325931,8.92962154577853&zoom=16&size=500x500&maptype=satellite&format=gif&sensor=false&scale=1'
     Error in download.file(gurl, filename, mode = "wb", quiet = TRUE) :
     cannot open URL 'http://maps.googleapis.com/maps/api/staticmap?center=47.7510831325931,8.92962154577853&zoom=16&size=500x500&maptype=satellite&format=gif&sensor=false&scale=1'
     Error in download.file(gurl, filename, mode = "wb", quiet = TRUE) :
     cannot open URL 'http://maps.googleapis.com/maps/api/staticmap?center=47.7510831325931,8.92962154577853&zoom=16&size=500x500&maptype=satellite&format=gif&sensor=false&scale=1'
     Error in download.file(gurl, filename, mode = "wb", quiet = TRUE) :
     cannot open URL 'http://maps.googleapis.com/maps/api/staticmap?center=47.7510831325931,8.92962154577853&zoom=16&size=500x500&maptype=satellite&format=gif&sensor=false&scale=1'
     -- 1. Error: animate_move GIF (@test-animate_move.R#4) ------------------------
     Download from Google failed. Please check your internet connection.
     1: expect_null(animate_move(vars.global$m, vars.global$out_dir, vars.global$conv_dir,
     tail_elements = 10, paths_mode = "true_data", frames_nmax = 20, log_level = 3,
     extent_factor = 2e-04, out_format = "gif")) at testthat/test-animate_move.R:4
     2: quasi_label(enquo(object), label)
     3: eval_bare(get_expr(quo), get_env(quo))
     4: animate_move(vars.global$m, vars.global$out_dir, vars.global$conv_dir, tail_elements = 10,
     paths_mode = "true_data", frames_nmax = 20, log_level = 3, extent_factor = 2e-04,
     out_format = "gif")
     5: out("Download from Google failed. Please check your internet connection.", type = 3)
     6: stop(input, call. = FALSE)
    
     Error in download.file(gurl, filename, mode = "wb", quiet = TRUE) :
     cannot open URL 'http://maps.googleapis.com/maps/api/staticmap?center=47.7510831325931,8.92962154577853&zoom=16&size=500x500&maptype=satellite&format=gif&sensor=false&scale=1'
     Error in download.file(gurl, filename, mode = "wb", quiet = TRUE) :
     cannot open URL 'http://maps.googleapis.com/maps/api/staticmap?center=47.7510831325931,8.92962154577853&zoom=16&size=500x500&maptype=satellite&format=gif&sensor=false&scale=1'
     Error in download.file(gurl, filename, mode = "wb", quiet = TRUE) :
     cannot open URL 'http://maps.googleapis.com/maps/api/staticmap?center=47.7510831325931,8.92962154577853&zoom=16&size=500x500&maptype=satellite&format=gif&sensor=false&scale=1'
     Error in download.file(gurl, filename, mode = "wb", quiet = TRUE) :
     cannot open URL 'http://maps.googleapis.com/maps/api/staticmap?center=47.7510831325931,8.92962154577853&zoom=16&size=500x500&maptype=satellite&format=gif&sensor=false&scale=1'
     -- 2. Error: animate_move MOV (@test-animate_move.R#14) -----------------------
     Download from Google failed. Please check your internet connection.
     1: expect_null(animate_move(vars.global$m, vars.global$out_dir, vars.global$conv_dir,
     tail_elements = 10, paths_mode = "true_data", frames_nmax = 20, log_level = 3,
     extent_factor = 2e-04, out_format = "mov")) at testthat/test-animate_move.R:14
     2: quasi_label(enquo(object), label)
     3: eval_bare(get_expr(quo), get_env(quo))
     4: animate_move(vars.global$m, vars.global$out_dir, vars.global$conv_dir, tail_elements = 10,
     paths_mode = "true_data", frames_nmax = 20, log_level = 3, extent_factor = 2e-04,
     out_format = "mov")
     5: out("Download from Google failed. Please check your internet connection.", type = 3)
     6: stop(input, call. = FALSE)
    
     == testthat results ===========================================================
     OK: 16 SKIPPED: 1 FAILED: 2
     1. Error: animate_move GIF (@test-animate_move.R#4)
     2. Error: animate_move MOV (@test-animate_move.R#14)
    
     Error: testthat unit tests failed
     Execution halted
Flavor: r-oldrel-windows-ix86+x86_64