CRAN Package Check Results for Package mrMLM.GUI

Last updated on 2018-10-19 01:46:30 CEST.

Flavor Version Tinstall Tcheck Ttotal Status Flags
r-devel-linux-x86_64-debian-clang 3.2 19.84 142.30 162.14 OK
r-devel-linux-x86_64-debian-gcc 3.2 15.65 111.09 126.74 OK
r-devel-linux-x86_64-fedora-clang 3.2 184.70 OK
r-devel-linux-x86_64-fedora-gcc 3.2 181.23 OK
r-devel-windows-ix86+x86_64 3.2 39.00 184.00 223.00 OK
r-patched-linux-x86_64 3.2 11.54 124.13 135.67 OK
r-patched-solaris-x86 3.2 234.50 NOTE
r-release-linux-x86_64 3.2 11.35 122.52 133.87 OK
r-release-windows-ix86+x86_64 3.2 46.00 166.00 212.00 OK
r-release-osx-x86_64 3.2 OK
r-oldrel-windows-ix86+x86_64 3.2 18.00 173.00 191.00 OK
r-oldrel-osx-x86_64 3.2 OK

Check Details

Version: 3.2
Check: installed package size
Result: NOTE
     installed size is 5.2Mb
     sub-directories of 1Mb or more:
     extdata 3.8Mb
Flavor: r-patched-solaris-x86