CRAN Package Check Results for Package mrfDepth

Last updated on 2018-10-19 01:46:30 CEST.

Flavor Version Tinstall Tcheck Ttotal Status Flags
r-devel-linux-x86_64-debian-clang 1.0.10 76.41 92.62 169.03 OK
r-devel-linux-x86_64-debian-gcc 1.0.10 61.28 72.55 133.83 OK
r-devel-linux-x86_64-fedora-clang 1.0.10 223.80 NOTE
r-devel-linux-x86_64-fedora-gcc 1.0.10 205.19 OK
r-devel-windows-ix86+x86_64 1.0.10 208.00 148.00 356.00 OK
r-patched-linux-x86_64 1.0.10 76.37 88.28 164.65 OK
r-patched-solaris-x86 1.0.10 203.80 OK
r-release-linux-x86_64 1.0.10 80.25 89.59 169.84 OK
r-release-windows-ix86+x86_64 1.0.10 169.00 203.00 372.00 OK
r-release-osx-x86_64 1.0.10 NOTE
r-oldrel-windows-ix86+x86_64 1.0.10 151.00 220.00 371.00 OK
r-oldrel-osx-x86_64 1.0.10 NOTE

Check Details

Version: 1.0.10
Check: installed package size
Result: NOTE
     installed size is 17.1Mb
     sub-directories of 1Mb or more:
     data 1.6Mb
     libs 15.0Mb
Flavors: r-devel-linux-x86_64-fedora-clang, r-release-osx-x86_64, r-oldrel-osx-x86_64